CRAN Package Check Results for Package rapbase

Last updated on 2021-03-06 07:53:27 CET.

Flavor Version Tinstall Tcheck Ttotal Status Flags
r-devel-linux-x86_64-debian-clang 1.10.0 3.23 33.49 36.72 OK
r-devel-linux-x86_64-debian-gcc 1.10.0 2.24 25.74 27.98 OK
r-devel-linux-x86_64-fedora-clang 1.10.0 53.33 NOTE
r-devel-linux-x86_64-fedora-gcc 1.10.0 180.12 NOTE
r-devel-windows-ix86+x86_64 1.10.0 9.00 40.00 49.00 OK
r-devel-windows-x86_64-gcc10-UCRT 1.10.0 ERROR
r-patched-linux-x86_64 1.10.0 OK
r-patched-solaris-x86 1.10.0 64.30 NOTE
r-release-linux-x86_64 1.10.0 3.49 32.22 35.71 OK
r-release-macos-x86_64 1.10.0 ERROR
r-release-windows-ix86+x86_64 1.10.0 7.00 39.00 46.00 OK
r-oldrel-macos-x86_64 1.10.0 NOTE
r-oldrel-windows-ix86+x86_64 1.10.0 4.00 35.00 39.00 OK

Check Details

Version: 1.10.0
Check: dependencies in R code
Result: NOTE
    Namespace in Imports field not imported from: ‘RJDBC’
     All declared Imports should be used.
Flavors: r-devel-linux-x86_64-fedora-clang, r-devel-linux-x86_64-fedora-gcc, r-patched-solaris-x86, r-release-macos-x86_64, r-oldrel-macos-x86_64

Version: 1.10.0
Check: package dependencies
Result: ERROR
    Package required but not available: 'RMariaDB'
    
    See section 'The DESCRIPTION file' in the 'Writing R Extensions'
    manual.
Flavor: r-devel-windows-x86_64-gcc10-UCRT

Version: 1.10.0
Check: tests
Result: ERROR
     Running ‘testthat.R’ [42s/62s]
    Running the tests in ‘tests/testthat.R’ failed.
    Last 13 lines of output:
     $ operator is invalid for atomic vectors
     Backtrace:
     1. testthat::expect_true(is.vector(getRapPackages()))
     5. rapbase::getRapPackages()
     6. base::sapply(allPkg$Package, isPkgRapReg)
     7. base::lapply(X = X, FUN = FUN, ...)
     8. rapbase:::FUN(X[[i]], ...)
     9. base::grepl(...)
    
     ══ testthat results ═══════════════════════════════════════════════════════════
     [ OK: 85 | SKIPPED: 3 | WARNINGS: 4 | FAILED: 1 ]
     1. Error: Listing of Rapporteket packages is present (@test-miscellaneous-functions.R#4)
    
     Error: testthat unit tests failed
     Execution halted
Flavor: r-release-macos-x86_64