Last updated on 2024-04-19 08:54:52 CEST.
Flavor | Version | Tinstall | Tcheck | Ttotal | Status | Flags |
---|---|---|---|---|---|---|
r-devel-linux-x86_64-debian-clang | 0.1.3 | 3.14 | 29.01 | 32.15 | NOTE | |
r-devel-linux-x86_64-debian-gcc | 0.1.3 | NOTE | ||||
r-devel-linux-x86_64-fedora-clang | 0.1.3 | 39.44 | NOTE | |||
r-devel-linux-x86_64-fedora-gcc | 0.1.3 | 37.96 | NOTE | |||
r-prerel-macos-arm64 | 0.1.3 | 15.00 | NOTE | |||
r-prerel-windows-x86_64 | 0.1.3 | 4.00 | 50.00 | 54.00 | NOTE | |
r-patched-linux-x86_64 | 0.1.3 | 3.09 | 28.13 | 31.22 | NOTE | |
r-release-linux-x86_64 | 0.1.3 | 2.29 | 28.28 | 30.57 | NOTE | |
r-release-macos-arm64 | 0.1.3 | 20.00 | NOTE | |||
r-release-macos-x86_64 | 0.1.3 | 22.00 | NOTE | |||
r-release-windows-x86_64 | 0.1.3 | 4.00 | 54.00 | 58.00 | NOTE | |
r-oldrel-macos-arm64 | 0.1.3 | 19.00 | NOTE | |||
r-oldrel-windows-x86_64 | 0.1.3 | 4.00 | 46.00 | 50.00 | NOTE |
Version: 0.1.3
Check: Rd \usage sections
Result: NOTE
Documented arguments not in \usage in Rd file 'get_parameters.Rd':
‘parameters_def’
Documented arguments not in \usage in Rd file 'print.rapi_api.Rd':
‘...further’
Documented arguments not in \usage in Rd file 'print.rapi_operation.Rd':
‘...further’
Documented arguments not in \usage in Rd file 'print.rapi_schema_function.Rd':
‘...further’
Functions with \usage entries need to have the appropriate \alias
entries, and all their arguments documented.
The \usage entries must correspond to syntactically valid R code.
See chapter ‘Writing R documentation files’ in the ‘Writing R
Extensions’ manual.
Flavors: r-devel-linux-x86_64-debian-clang, r-devel-linux-x86_64-debian-gcc, r-devel-linux-x86_64-fedora-clang, r-devel-linux-x86_64-fedora-gcc, r-prerel-macos-arm64, r-prerel-windows-x86_64, r-patched-linux-x86_64
Version: 0.1.3
Check: LazyData
Result: NOTE
'LazyData' is specified without a 'data' directory
Flavors: r-devel-linux-x86_64-debian-clang, r-devel-linux-x86_64-debian-gcc, r-devel-linux-x86_64-fedora-clang, r-devel-linux-x86_64-fedora-gcc, r-prerel-macos-arm64, r-prerel-windows-x86_64, r-patched-linux-x86_64, r-release-linux-x86_64, r-release-macos-arm64, r-release-macos-x86_64, r-release-windows-x86_64, r-oldrel-macos-arm64, r-oldrel-windows-x86_64