CRAN Package Check Results for Package rapidjsonr

Last updated on 2021-06-21 08:50:00 CEST.

Flavor Version Tinstall Tcheck Ttotal Status Flags
r-devel-linux-x86_64-debian-clang 1.2.0 1.74 18.89 20.63 NOTE
r-devel-linux-x86_64-debian-gcc 1.2.0 1.39 15.25 16.64 NOTE
r-devel-linux-x86_64-fedora-clang 1.2.0 35.33 NOTE
r-devel-linux-x86_64-fedora-gcc 1.2.0 24.44 NOTE
r-devel-windows-x86_64 1.2.0 3.00 27.00 30.00 NOTE
r-devel-windows-x86_64-gcc10-UCRT 1.2.0 NOTE
r-patched-linux-x86_64 1.2.0 1.72 18.65 20.37 NOTE
r-patched-solaris-x86 1.2.0 40.40 NOTE
r-release-linux-x86_64 1.2.0 1.72 18.64 20.36 NOTE
r-release-macos-arm64 1.2.0 NOTE
r-release-macos-x86_64 1.2.0 NOTE
r-release-windows-ix86+x86_64 1.2.0 4.00 25.00 29.00 NOTE
r-oldrel-macos-x86_64 1.2.0 OK
r-oldrel-windows-ix86+x86_64 1.2.0 4.00 24.00 28.00 OK

Check Details

Version: 1.2.0
Check: LazyData
Result: NOTE
     'LazyData' is specified without a 'data' directory
Flavors: r-devel-linux-x86_64-debian-clang, r-devel-linux-x86_64-debian-gcc, r-devel-linux-x86_64-fedora-clang, r-devel-linux-x86_64-fedora-gcc, r-devel-windows-x86_64, r-devel-windows-x86_64-gcc10-UCRT, r-patched-linux-x86_64, r-patched-solaris-x86, r-release-linux-x86_64, r-release-macos-arm64, r-release-macos-x86_64, r-release-windows-ix86+x86_64