CRAN Package Check Results for Package rapidjsonr

Last updated on 2024-06-16 08:55:59 CEST.

Flavor Version Tinstall Tcheck Ttotal Status Flags
r-devel-linux-x86_64-debian-clang 1.2.0 1.64 18.88 20.52 NOTE
r-devel-linux-x86_64-debian-gcc 1.2.0 1.33 15.01 16.34 NOTE
r-devel-linux-x86_64-fedora-clang 1.2.0 26.72 NOTE
r-devel-linux-x86_64-fedora-gcc 1.2.0 25.11 NOTE
r-devel-windows-x86_64 1.2.0 2.00 34.00 36.00 NOTE
r-patched-linux-x86_64 1.2.0 1.97 18.30 20.27 NOTE
r-release-linux-x86_64 1.2.0 1.66 18.81 20.47 NOTE
r-release-macos-arm64 1.2.0 13.00 NOTE
r-release-macos-x86_64 1.2.0 23.00 NOTE
r-release-windows-x86_64 1.2.0 2.00 33.00 35.00 NOTE
r-oldrel-macos-arm64 1.2.0 15.00 NOTE
r-oldrel-macos-x86_64 1.2.0 19.00 NOTE
r-oldrel-windows-x86_64 1.2.0 5.00 32.00 37.00 NOTE

Check Details

Version: 1.2.0
Check: LazyData
Result: NOTE 'LazyData' is specified without a 'data' directory Flavors: r-devel-linux-x86_64-debian-clang, r-devel-linux-x86_64-debian-gcc, r-devel-linux-x86_64-fedora-clang, r-devel-linux-x86_64-fedora-gcc, r-devel-windows-x86_64, r-patched-linux-x86_64, r-release-linux-x86_64, r-release-macos-arm64, r-release-macos-x86_64, r-release-windows-x86_64, r-oldrel-macos-arm64, r-oldrel-macos-x86_64, r-oldrel-windows-x86_64