Last updated on 2024-04-26 08:55:10 CEST.
Flavor | Version | Tinstall | Tcheck | Ttotal | Status | Flags |
---|---|---|---|---|---|---|
r-devel-linux-x86_64-debian-clang | 1.1 | 6.64 | 53.86 | 60.50 | NOTE | |
r-devel-linux-x86_64-debian-gcc | 1.1 | 5.88 | 39.59 | 45.47 | NOTE | |
r-devel-linux-x86_64-fedora-clang | 1.1 | 75.60 | NOTE | |||
r-devel-linux-x86_64-fedora-gcc | 1.1 | 71.82 | NOTE | |||
r-devel-windows-x86_64 | 1.1 | 8.00 | 65.00 | 73.00 | NOTE | |
r-patched-linux-x86_64 | 1.1 | 11.61 | 51.49 | 63.10 | NOTE | |
r-release-linux-x86_64 | 1.1 | 6.88 | 51.59 | 58.47 | OK | |
r-release-macos-arm64 | 1.1 | 25.00 | NOTE | |||
r-release-windows-x86_64 | 1.1 | 8.00 | 63.00 | 71.00 | NOTE | |
r-oldrel-macos-arm64 | 1.1 | 25.00 | OK | |||
r-oldrel-macos-x86_64 | 1.1 | 39.00 | OK | |||
r-oldrel-windows-x86_64 | 1.1 | 11.00 | 69.00 | 80.00 | OK |
Version: 1.1
Check: Rd files
Result: NOTE
checkRd: (-1) rapport.inputs.Rd:26: Lost braces
26 | \item \emph{dataset inputs}, i.e. the inputs that refer to named element of an |code{R} object provided in \code{data} argument in \code{rapport} call. Currently, \code{rapport} supports only \code{data.frame} objects, but that may change in the (near) future.
| ^
Flavors: r-devel-linux-x86_64-debian-clang, r-devel-linux-x86_64-debian-gcc, r-devel-linux-x86_64-fedora-clang, r-devel-linux-x86_64-fedora-gcc, r-devel-windows-x86_64, r-patched-linux-x86_64, r-release-macos-arm64, r-release-windows-x86_64