Last updated on 2023-01-31 07:54:22 CET.
Flavor | Version | Tinstall | Tcheck | Ttotal | Status | Flags |
---|---|---|---|---|---|---|
r-devel-linux-x86_64-debian-clang | 0.3.0 | 5.43 | 52.33 | 57.76 | OK | |
r-devel-linux-x86_64-debian-gcc | 0.3.0 | 4.17 | 39.35 | 43.52 | OK | |
r-devel-linux-x86_64-fedora-clang | 0.3.0 | 70.49 | NOTE | |||
r-devel-linux-x86_64-fedora-gcc | 0.3.0 | 79.92 | NOTE | |||
r-devel-windows-x86_64 | 0.3.0 | 11.00 | 90.00 | 101.00 | OK | |
r-patched-linux-x86_64 | 0.3.0 | 3.47 | 50.16 | 53.63 | OK | |
r-release-linux-x86_64 | 0.3.0 | 3.57 | 49.07 | 52.64 | OK | |
r-release-macos-arm64 | 0.3.0 | 25.00 | NOTE | |||
r-release-macos-x86_64 | 0.3.0 | 47.00 | NOTE | |||
r-release-windows-x86_64 | 0.3.0 | 19.00 | 91.00 | 110.00 | OK | |
r-oldrel-macos-arm64 | 0.3.0 | 28.00 | NOTE | |||
r-oldrel-macos-x86_64 | 0.3.0 | 34.00 | NOTE | |||
r-oldrel-windows-ix86+x86_64 | 0.3.0 | 11.00 | 78.00 | 89.00 | OK |
Version: 0.3.0
Check: dependencies in R code
Result: NOTE
Namespaces in Imports field not imported from:
‘dplyr’ ‘tidyr’
All declared Imports should be used.
Flavors: r-devel-linux-x86_64-fedora-clang, r-devel-linux-x86_64-fedora-gcc, r-release-macos-arm64, r-release-macos-x86_64, r-oldrel-macos-arm64, r-oldrel-macos-x86_64