Last updated on 2024-04-23 08:58:13 CEST.
Flavor | Version | Tinstall | Tcheck | Ttotal | Status | Flags |
---|---|---|---|---|---|---|
r-devel-linux-x86_64-debian-clang | 1.0.1 | 244.29 | 408.61 | 652.90 | NOTE | |
r-devel-linux-x86_64-debian-gcc | 1.0.1 | 194.78 | 291.06 | 485.84 | NOTE | |
r-devel-linux-x86_64-fedora-clang | 1.0.1 | 784.53 | NOTE | |||
r-devel-linux-x86_64-fedora-gcc | 1.0.1 | 775.21 | NOTE | |||
r-prerel-macos-arm64 | 1.0.1 | 184.00 | NOTE | |||
r-prerel-macos-x86_64 | 1.0.1 | 410.00 | NOTE | |||
r-prerel-windows-x86_64 | 1.0.1 | 185.00 | 304.00 | 489.00 | NOTE | |
r-patched-linux-x86_64 | 1.0.1 | 166.54 | 393.01 | 559.55 | NOTE | |
r-release-linux-x86_64 | 1.0.1 | 161.30 | 394.15 | 555.45 | NOTE | |
r-release-macos-arm64 | 1.0.1 | 200.00 | NOTE | |||
r-release-macos-x86_64 | 1.0.1 | 429.00 | NOTE | |||
r-release-windows-x86_64 | 1.0.1 | 223.00 | 391.00 | 614.00 | NOTE | |
r-oldrel-macos-arm64 | 1.0.1 | 188.00 | NOTE | |||
r-oldrel-windows-x86_64 | 1.0.1 | 212.00 | 358.00 | 570.00 | NOTE |
Version: 1.0.1
Check: package dependencies
Result: NOTE
Package suggested but not available for checking: ‘gurobi’
Flavors: r-devel-linux-x86_64-debian-clang, r-devel-linux-x86_64-debian-gcc, r-devel-linux-x86_64-fedora-clang, r-devel-linux-x86_64-fedora-gcc, r-prerel-macos-arm64, r-prerel-macos-x86_64, r-prerel-windows-x86_64, r-patched-linux-x86_64, r-release-linux-x86_64, r-release-macos-arm64, r-release-macos-x86_64, r-release-windows-x86_64, r-oldrel-macos-arm64, r-oldrel-windows-x86_64
Version: 1.0.1
Check: installed package size
Result: NOTE
installed size is 7.3Mb
sub-directories of 1Mb or more:
doc 1.7Mb
extdata 4.2Mb
Flavors: r-devel-linux-x86_64-fedora-clang, r-prerel-macos-arm64, r-prerel-macos-x86_64, r-prerel-windows-x86_64, r-release-macos-arm64, r-release-macos-x86_64, r-release-windows-x86_64, r-oldrel-macos-arm64, r-oldrel-windows-x86_64