Last updated on 2024-03-12 07:50:04 CET.
Flavor | Version | Tinstall | Tcheck | Ttotal | Status | Flags |
---|---|---|---|---|---|---|
r-devel-linux-x86_64-debian-clang | 3.6-26 | 287.81 | 529.29 | 817.10 | OK | |
r-devel-linux-x86_64-debian-gcc | 3.6-26 | 208.95 | 393.94 | 602.89 | OK | |
r-devel-linux-x86_64-fedora-clang | 3.6-26 | 1067.12 | OK | |||
r-devel-linux-x86_64-fedora-gcc | 3.6-26 | 1029.32 | OK | |||
r-devel-windows-x86_64 | 3.6-26 | 212.00 | 417.00 | 629.00 | NOTE | |
r-patched-linux-x86_64 | 3.6-26 | 268.21 | 511.65 | 779.86 | OK | |
r-release-linux-x86_64 | 3.6-26 | 259.61 | 519.40 | 779.01 | OK | |
r-release-macos-arm64 | 3.6-26 | 213.00 | NOTE | |||
r-release-macos-x86_64 | 3.6-26 | 570.00 | NOTE | |||
r-release-windows-x86_64 | 3.6-26 | 275.00 | 537.00 | 812.00 | NOTE | |
r-oldrel-macos-arm64 | 3.6-26 | 193.00 | NOTE | |||
r-oldrel-windows-x86_64 | 3.6-26 | 262.00 | 516.00 | 778.00 | NOTE |
Version: 3.6-26
Check: installed package size
Result: NOTE
installed size is 5.5Mb
sub-directories of 1Mb or more:
R 3.1Mb
libs 1.4Mb
Flavors: r-devel-windows-x86_64, r-release-macos-arm64, r-release-macos-x86_64, r-release-windows-x86_64, r-oldrel-macos-arm64, r-oldrel-windows-x86_64