CRAN Package Check Results for Package ratios

Last updated on 2021-06-21 08:50:00 CEST.

Flavor Version Tinstall Tcheck Ttotal Status Flags
r-devel-linux-x86_64-debian-clang 1.2.0 4.24 33.61 37.85 NOTE
r-devel-linux-x86_64-debian-gcc 1.2.0 3.25 25.40 28.65 NOTE
r-devel-linux-x86_64-fedora-clang 1.2.0 55.28 NOTE
r-devel-linux-x86_64-fedora-gcc 1.2.0 42.75 NOTE
r-devel-windows-x86_64 1.2.0 6.00 42.00 48.00 NOTE
r-devel-windows-x86_64-gcc10-UCRT 1.2.0 NOTE
r-patched-linux-x86_64 1.2.0 4.33 32.30 36.63 NOTE
r-patched-solaris-x86 1.2.0 65.20 NOTE
r-release-linux-x86_64 1.2.0 3.35 32.21 35.56 NOTE
r-release-macos-arm64 1.2.0 NOTE
r-release-macos-x86_64 1.2.0 NOTE
r-release-windows-ix86+x86_64 1.2.0 8.00 46.00 54.00 NOTE
r-oldrel-macos-x86_64 1.2.0 OK
r-oldrel-windows-ix86+x86_64 1.2.0 6.00 0.00 6.00 OK

Check Details

Version: 1.2.0
Check: LazyData
Result: NOTE
     'LazyData' is specified without a 'data' directory
Flavors: r-devel-linux-x86_64-debian-clang, r-devel-linux-x86_64-debian-gcc, r-devel-linux-x86_64-fedora-clang, r-devel-linux-x86_64-fedora-gcc, r-devel-windows-x86_64, r-devel-windows-x86_64-gcc10-UCRT, r-patched-linux-x86_64, r-patched-solaris-x86, r-release-linux-x86_64, r-release-macos-arm64, r-release-macos-x86_64, r-release-windows-ix86+x86_64