Last updated on 2024-04-18 08:54:43 CEST.
Flavor | Version | Tinstall | Tcheck | Ttotal | Status | Flags |
---|---|---|---|---|---|---|
r-devel-linux-x86_64-debian-clang | 1.2.1 | 512.20 | 251.76 | 763.96 | NOTE | |
r-devel-linux-x86_64-debian-gcc | 1.2.1 | 434.56 | 211.94 | 646.50 | NOTE | |
r-devel-linux-x86_64-fedora-clang | 1.2.1 | 942.09 | NOTE | |||
r-devel-linux-x86_64-fedora-gcc | 1.2.1 | 1125.35 | NOTE | |||
r-prerel-macos-arm64 | 1.2.1 | 247.00 | NOTE | |||
r-prerel-macos-x86_64 | 1.2.1 | 212.00 | NOTE | |||
r-prerel-windows-x86_64 | 1.2.1 | 366.00 | 231.00 | 597.00 | NOTE | |
r-patched-linux-x86_64 | 1.2.1 | 444.33 | 279.87 | 724.20 | NOTE | |
r-release-linux-x86_64 | 1.2.1 | 438.21 | 278.24 | 716.45 | NOTE | |
r-release-macos-arm64 | 1.2.1 | 174.00 | NOTE | |||
r-release-macos-x86_64 | 1.2.1 | 184.00 | NOTE | |||
r-release-windows-x86_64 | 1.2.1 | 457.00 | 292.00 | 749.00 | NOTE | |
r-oldrel-macos-arm64 | 1.2.1 | 167.00 | NOTE | |||
r-oldrel-windows-x86_64 | 1.2.1 | 324.00 | 270.00 | 594.00 | NOTE |
Version: 1.2.1
Check: for GNU extensions in Makefiles
Result: NOTE
GNU make is a SystemRequirements.
Flavors: r-devel-linux-x86_64-debian-clang, r-devel-linux-x86_64-debian-gcc, r-devel-linux-x86_64-fedora-clang, r-devel-linux-x86_64-fedora-gcc, r-prerel-macos-arm64, r-prerel-macos-x86_64, r-prerel-windows-x86_64, r-patched-linux-x86_64, r-release-linux-x86_64, r-release-macos-arm64, r-release-macos-x86_64, r-release-windows-x86_64, r-oldrel-macos-arm64, r-oldrel-windows-x86_64
Version: 1.2.1
Check: installed package size
Result: NOTE
installed size is 5.9Mb
sub-directories of 1Mb or more:
libs 5.3Mb
Flavors: r-devel-linux-x86_64-fedora-clang, r-prerel-macos-arm64, r-prerel-macos-x86_64, r-release-macos-arm64, r-release-macos-x86_64, r-oldrel-macos-arm64