Last updated on 2024-04-19 08:54:52 CEST.
Flavor | Version | Tinstall | Tcheck | Ttotal | Status | Flags |
---|---|---|---|---|---|---|
r-devel-linux-x86_64-debian-clang | 1.0.3 | 71.23 | 53.70 | 124.93 | OK | |
r-devel-linux-x86_64-debian-gcc | 1.0.3 | OK | ||||
r-devel-linux-x86_64-fedora-clang | 1.0.3 | 185.08 | OK | |||
r-devel-linux-x86_64-fedora-gcc | 1.0.3 | 177.15 | OK | |||
r-prerel-macos-arm64 | 1.0.3 | 38.00 | OK | |||
r-prerel-windows-x86_64 | 1.0.3 | 52.00 | 1642.00 | 1694.00 | NOTE | |
r-patched-linux-x86_64 | 1.0.3 | 63.16 | 50.90 | 114.06 | OK | |
r-release-linux-x86_64 | 1.0.3 | 55.06 | 50.16 | 105.22 | OK | |
r-release-macos-arm64 | 1.0.3 | 43.00 | NOTE | |||
r-release-macos-x86_64 | 1.0.3 | 70.00 | NOTE | |||
r-release-windows-x86_64 | 1.0.3 | 60.00 | 574.00 | 634.00 | NOTE | |
r-oldrel-macos-arm64 | 1.0.3 | 40.00 | NOTE | |||
r-oldrel-windows-x86_64 | 1.0.3 | 59.00 | 1032.00 | 1091.00 | OK |
Version: 1.0.3
Check: C++ specification
Result: NOTE
Specified C++11: please drop specification unless essential
Flavors: r-prerel-windows-x86_64, r-release-windows-x86_64
Version: 1.0.3
Check: package dependencies
Result: NOTE
Package suggested but not available for checking: ‘rhdf5’
Flavors: r-release-macos-arm64, r-release-macos-x86_64, r-oldrel-macos-arm64