CRAN Package Check Results for Package rbit

Last updated on 2024-06-20 08:54:56 CEST.

Flavor Version Tinstall Tcheck Ttotal Status Flags
r-devel-linux-x86_64-debian-clang 1.0.0 3.20 19.63 22.83 NOTE
r-devel-linux-x86_64-debian-gcc 1.0.0 2.11 15.30 17.41 NOTE
r-devel-linux-x86_64-fedora-clang 1.0.0 28.43 NOTE
r-devel-linux-x86_64-fedora-gcc 1.0.0 27.56 NOTE
r-devel-windows-x86_64 1.0.0 3.00 36.00 39.00 NOTE
r-patched-linux-x86_64 1.0.0 2.41 18.41 20.82 NOTE
r-release-linux-x86_64 1.0.0 2.82 18.51 21.33 NOTE
r-release-macos-arm64 1.0.0 14.00 NOTE
r-release-macos-x86_64 1.0.0 19.00 NOTE
r-release-windows-x86_64 1.0.0 4.00 38.00 42.00 NOTE
r-oldrel-macos-arm64 1.0.0 15.00 NOTE
r-oldrel-macos-x86_64 1.0.0 18.00 NOTE
r-oldrel-windows-x86_64 1.0.0 3.00 39.00 42.00 NOTE

Check Details

Version: 1.0.0
Check: LazyData
Result: NOTE 'LazyData' is specified without a 'data' directory Flavors: r-devel-linux-x86_64-debian-clang, r-devel-linux-x86_64-debian-gcc, r-devel-linux-x86_64-fedora-clang, r-devel-linux-x86_64-fedora-gcc, r-devel-windows-x86_64, r-patched-linux-x86_64, r-release-linux-x86_64, r-release-macos-arm64, r-release-macos-x86_64, r-release-windows-x86_64, r-oldrel-macos-arm64, r-oldrel-macos-x86_64, r-oldrel-windows-x86_64