Last updated on 2024-04-18 08:54:43 CEST.
Flavor | Version | Tinstall | Tcheck | Ttotal | Status | Flags |
---|---|---|---|---|---|---|
r-devel-linux-x86_64-debian-clang | 1.2.6 | 207.10 | 368.79 | 575.89 | NOTE | |
r-devel-linux-x86_64-debian-gcc | 1.2.6 | 185.60 | 273.74 | 459.34 | NOTE | |
r-devel-linux-x86_64-fedora-clang | 1.2.6 | 733.41 | NOTE | |||
r-devel-linux-x86_64-fedora-gcc | 1.2.6 | 828.17 | NOTE | |||
r-prerel-macos-arm64 | 1.2.6 | 187.00 | NOTE | |||
r-prerel-windows-x86_64 | 1.2.6 | 164.00 | 344.00 | 508.00 | NOTE | |
r-patched-linux-x86_64 | 1.2.6 | 167.56 | 362.25 | 529.81 | NOTE | |
r-release-linux-x86_64 | 1.2.6 | 172.33 | 371.24 | 543.57 | NOTE | |
r-release-macos-arm64 | 1.2.6 | 178.00 | NOTE | |||
r-release-macos-x86_64 | 1.2.6 | 491.00 | NOTE | |||
r-release-windows-x86_64 | 1.2.6 | 215.00 | 441.00 | 656.00 | NOTE | |
r-oldrel-macos-arm64 | 1.2.6 | 176.00 | NOTE | |||
r-oldrel-windows-x86_64 | 1.2.6 | 202.00 | 411.00 | 613.00 | NOTE |
Version: 1.2.6
Check: for GNU extensions in Makefiles
Result: NOTE
GNU make is a SystemRequirements.
Flavors: r-devel-linux-x86_64-debian-clang, r-devel-linux-x86_64-debian-gcc, r-devel-linux-x86_64-fedora-clang, r-devel-linux-x86_64-fedora-gcc, r-prerel-macos-arm64, r-prerel-windows-x86_64, r-patched-linux-x86_64, r-release-linux-x86_64, r-release-macos-arm64, r-release-macos-x86_64, r-release-windows-x86_64, r-oldrel-macos-arm64, r-oldrel-windows-x86_64
Version: 1.2.6
Check: installed package size
Result: NOTE
installed size is 54.5Mb
sub-directories of 1Mb or more:
libs 53.3Mb
Flavors: r-prerel-macos-arm64, r-release-macos-arm64, r-release-macos-x86_64, r-oldrel-macos-arm64