Last updated on 2024-03-12 07:50:04 CET.
Flavor | Version | Tinstall | Tcheck | Ttotal | Status | Flags |
---|---|---|---|---|---|---|
r-devel-linux-x86_64-debian-clang | 1.3 | 5.86 | 66.27 | 72.13 | OK | |
r-devel-linux-x86_64-debian-gcc | 1.3 | 5.65 | 51.64 | 57.29 | OK | |
r-devel-linux-x86_64-fedora-clang | 1.3 | 93.56 | NOTE | |||
r-devel-linux-x86_64-fedora-gcc | 1.3 | 99.46 | OK | |||
r-devel-windows-x86_64 | 1.3 | 8.00 | 80.00 | 88.00 | OK | |
r-patched-linux-x86_64 | 1.3 | 13.40 | 65.01 | 78.41 | OK | |
r-release-linux-x86_64 | 1.3 | 5.83 | 65.67 | 71.50 | OK | |
r-release-macos-arm64 | 1.3 | 50.00 | OK | |||
r-release-macos-x86_64 | 1.3 | 69.00 | OK | |||
r-release-windows-x86_64 | 1.3 | 10.00 | 84.00 | 94.00 | OK | |
r-oldrel-macos-arm64 | 1.3 | 42.00 | OK | |||
r-oldrel-windows-x86_64 | 1.3 | 10.00 | 86.00 | 96.00 | OK |
Version: 1.3
Check: Rd cross-references
Result: NOTE
Undeclared package ‘remotes’ in Rd xrefs
Flavor: r-devel-linux-x86_64-fedora-clang