CRAN Package Check Results for Package rdtLite

Last updated on 2025-01-25 07:50:40 CET.

Flavor Version Tinstall Tcheck Ttotal Status Flags
r-devel-linux-x86_64-debian-clang 1.4 6.31 37.27 43.58 OK
r-devel-linux-x86_64-debian-gcc 1.4 4.79 27.03 31.82 OK
r-devel-linux-x86_64-fedora-clang 1.4 72.82 NOTE
r-devel-linux-x86_64-fedora-gcc 1.4 81.07 NOTE
r-devel-windows-x86_64 1.4 8.00 54.00 62.00 OK
r-patched-linux-x86_64 1.4 6.40 35.53 41.93 OK
r-release-linux-x86_64 1.4 6.38 34.95 41.33 OK
r-release-macos-arm64 1.4 27.00 OK
r-release-macos-x86_64 1.4 45.00 OK
r-release-windows-x86_64 1.4 8.00 54.00 62.00 OK
r-oldrel-macos-arm64 1.4 30.00 OK
r-oldrel-macos-x86_64 1.4 44.00 OK
r-oldrel-windows-x86_64 1.4 9.00 56.00 65.00 OK

Check Details

Version: 1.4
Check: dependencies in R code
Result: NOTE Namespace in Imports field not imported from: ‘gtools’ All declared Imports should be used. Flavors: r-devel-linux-x86_64-fedora-clang, r-devel-linux-x86_64-fedora-gcc