CRAN Package Check Results for Package rdtLite

Last updated on 2024-04-22 08:51:36 CEST.

Flavor Version Tinstall Tcheck Ttotal Status Flags
r-devel-linux-x86_64-debian-clang 1.4 8.34 47.98 56.32 OK
r-devel-linux-x86_64-debian-gcc 1.4 5.69 35.58 41.27 OK
r-devel-linux-x86_64-fedora-clang 1.4 70.61 NOTE
r-devel-linux-x86_64-fedora-gcc 1.4 79.89 NOTE
r-prerel-macos-arm64 1.4 27.00 OK
r-prerel-windows-x86_64 1.4 9.00 53.00 62.00 OK
r-patched-linux-x86_64 1.4 8.93 45.26 54.19 OK
r-release-linux-x86_64 1.4 7.75 44.93 52.68 OK
r-release-macos-arm64 1.4 30.00 OK
r-release-macos-x86_64 1.4 44.00 OK
r-release-windows-x86_64 1.4 10.00 55.00 65.00 OK
r-oldrel-macos-arm64 1.4 23.00 NOTE
r-oldrel-windows-x86_64 1.4 9.00 59.00 68.00 OK

Check Details

Version: 1.4
Check: dependencies in R code
Result: NOTE Namespace in Imports field not imported from: ‘gtools’ All declared Imports should be used. Flavors: r-devel-linux-x86_64-fedora-clang, r-devel-linux-x86_64-fedora-gcc, r-oldrel-macos-arm64