Last updated on 2024-04-19 08:54:52 CEST.
Flavor | Version | Tinstall | Tcheck | Ttotal | Status | Flags |
---|---|---|---|---|---|---|
r-devel-linux-x86_64-debian-clang | 1.8.0 | 14.20 | 124.33 | 138.53 | OK | |
r-devel-linux-x86_64-debian-gcc | 1.8.0 | OK | ||||
r-devel-linux-x86_64-fedora-clang | 1.8.0 | 174.12 | NOTE | |||
r-devel-linux-x86_64-fedora-gcc | 1.8.0 | 181.57 | OK | |||
r-prerel-macos-arm64 | 1.8.0 | 68.00 | NOTE | |||
r-prerel-windows-x86_64 | 1.8.0 | 15.00 | 123.00 | 138.00 | NOTE | |
r-patched-linux-x86_64 | 1.8.0 | 16.44 | 119.98 | 136.42 | OK | |
r-release-linux-x86_64 | 1.8.0 | 16.20 | 118.44 | 134.64 | OK | |
r-release-macos-arm64 | 1.8.0 | 76.00 | NOTE | |||
r-release-macos-x86_64 | 1.8.0 | 199.00 | NOTE | |||
r-release-windows-x86_64 | 1.8.0 | 15.00 | 139.00 | 154.00 | NOTE | |
r-oldrel-macos-arm64 | 1.8.0 | 71.00 | NOTE | |||
r-oldrel-windows-x86_64 | 1.8.0 | 19.00 | 132.00 | 151.00 | NOTE |
Version: 1.8.0
Check: installed package size
Result: NOTE
installed size is 6.5Mb
sub-directories of 1Mb or more:
R 3.8Mb
data 1.5Mb
Flavors: r-devel-linux-x86_64-fedora-clang, r-prerel-macos-arm64, r-prerel-windows-x86_64, r-release-macos-arm64, r-release-macos-x86_64, r-release-windows-x86_64, r-oldrel-macos-arm64, r-oldrel-windows-x86_64