CRAN Package Check Results for Package reactablefmtr

Last updated on 2024-05-22 08:59:39 CEST.

Flavor Version Tinstall Tcheck Ttotal Status Flags
r-devel-linux-x86_64-debian-clang 2.0.0 7.84 104.08 111.92 NOTE
r-devel-linux-x86_64-debian-gcc 2.0.0 7.00 75.72 82.72 NOTE
r-devel-linux-x86_64-fedora-clang 2.0.0 140.00 NOTE
r-devel-linux-x86_64-fedora-gcc 2.0.0 132.46 NOTE
r-devel-windows-x86_64 2.0.0 11.00 106.00 117.00 NOTE
r-patched-linux-x86_64 2.0.0 8.17 97.74 105.91 NOTE
r-release-linux-x86_64 2.0.0 7.71 100.66 108.37 NOTE
r-release-macos-arm64 2.0.0 40.00 NOTE
r-release-windows-x86_64 2.0.0 11.00 104.00 115.00 NOTE
r-oldrel-macos-arm64 2.0.0 45.00 NOTE
r-oldrel-macos-x86_64 2.0.0 68.00 NOTE
r-oldrel-windows-x86_64 2.0.0 13.00 118.00 131.00 NOTE

Check Details

Version: 2.0.0
Check: package dependencies
Result: NOTE Package suggested but not available for checking: ‘dataui’ Flavors: r-devel-linux-x86_64-debian-clang, r-devel-linux-x86_64-debian-gcc, r-devel-linux-x86_64-fedora-clang, r-devel-linux-x86_64-fedora-gcc, r-devel-windows-x86_64, r-patched-linux-x86_64, r-release-linux-x86_64, r-release-macos-arm64, r-release-windows-x86_64, r-oldrel-macos-arm64, r-oldrel-macos-x86_64, r-oldrel-windows-x86_64

Version: 2.0.0
Check: Rd files
Result: NOTE checkRd: (-1) add_legend.Rd:59: Lost braces; missing escapes or markup? 59 | Use `add_legend()` to place a legend below a {reactable} table. | ^ checkRd: (-1) add_source.Rd:77: Lost braces; missing escapes or markup? 77 | Use `add_source()` to place a source below a {reactable} or {reactablefmtr} table. | ^ checkRd: (-1) add_source.Rd:77: Lost braces; missing escapes or markup? 77 | Use `add_source()` to place a source below a {reactable} or {reactablefmtr} table. | ^ checkRd: (-1) add_subtitle.Rd:77: Lost braces; missing escapes or markup? 77 | Use `add_subtitle()` to place a subtitle above a {reactable} or {reactablefmtr} table. | ^ checkRd: (-1) add_subtitle.Rd:77: Lost braces; missing escapes or markup? 77 | Use `add_subtitle()` to place a subtitle above a {reactable} or {reactablefmtr} table. | ^ checkRd: (-1) add_title.Rd:76: Lost braces; missing escapes or markup? 76 | Use `add_title()` to place a title above a {reactable} or {reactablefmtr} table. | ^ checkRd: (-1) add_title.Rd:76: Lost braces; missing escapes or markup? 76 | Use `add_title()` to place a title above a {reactable} or {reactablefmtr} table. | ^ checkRd: (-1) bubble_grid.Rd:135: Lost braces; missing escapes or markup? 135 | The format of the numbers within the bubbles can be changed by defining the format from a package such as the {scales} package within `number_fmt`. | ^ checkRd: (-1) cell_style.Rd:88: Lost braces; missing escapes or markup? 88 | Use `cell_style()` to customize the appearance of certain cells in a {reactable} or {reactablefmtr} table. | ^ checkRd: (-1) cell_style.Rd:88: Lost braces; missing escapes or markup? 88 | Use `cell_style()` to customize the appearance of certain cells in a {reactable} or {reactablefmtr} table. | ^ checkRd: (-1) cell_style.Rd:93: Lost braces; missing escapes or markup? 93 | Some options within `cell_style()` will work with other {reactablefmtr} formatters (such as data_bars() and color_tiles()), | ^ checkRd: (-1) cell_style.Rd:26: Lost braces; missing escapes or markup? 26 | \item{data}{A dataset to be displayed within a {reactable} table.} | ^ checkRd: (-1) group_border_sort.Rd:6: Lost braces; missing escapes or markup? 6 | Credit to Greg Lin, creator of {reactable} for writing the JS function.} | ^ checkRd: (-1) group_border_sort.Rd:41: Lost braces; missing escapes or markup? 41 | Credit to Greg Lin, creator of {reactable} for writing the JS function. | ^ checkRd: (-1) group_merge_sort.Rd:6: Lost braces; missing escapes or markup? 6 | Credit to Greg Lin, creator of {reactable} for writing the JS function.} | ^ checkRd: (-1) group_merge_sort.Rd:18: Lost braces; missing escapes or markup? 18 | Credit to Greg Lin, creator of {reactable} for writing the JS function. | ^ checkRd: (-1) react_sparkbar.Rd:127: Lost braces; missing escapes or markup? 127 | The `react_sparkbar()` function utilizes the {dataui} package <https://github.com/timelyportfolio/dataui> to create an interactive sparkline bar chart. | ^ checkRd: (-1) react_sparkline.Rd:147: Lost braces; missing escapes or markup? 147 | The `react_sparkline()` function utilizes the {dataui} package <https://github.com/timelyportfolio/dataui> to create an interactive sparkline line chart. | ^ Flavors: r-devel-linux-x86_64-debian-clang, r-devel-linux-x86_64-debian-gcc, r-devel-linux-x86_64-fedora-clang, r-devel-linux-x86_64-fedora-gcc, r-devel-windows-x86_64, r-patched-linux-x86_64, r-release-linux-x86_64, r-release-macos-arm64, r-release-windows-x86_64