Last updated on 2024-04-18 08:54:44 CEST.
Flavor | Version | Tinstall | Tcheck | Ttotal | Status | Flags |
---|---|---|---|---|---|---|
r-devel-linux-x86_64-debian-clang | 0.9.3 | 2.18 | 31.00 | 33.18 | NOTE | |
r-devel-linux-x86_64-debian-gcc | 0.9.3 | 1.68 | 24.04 | 25.72 | NOTE | |
r-devel-linux-x86_64-fedora-clang | 0.9.3 | 42.51 | NOTE | |||
r-devel-linux-x86_64-fedora-gcc | 0.9.3 | 53.88 | NOTE | |||
r-prerel-macos-arm64 | 0.9.3 | 23.00 | NOTE | |||
r-prerel-windows-x86_64 | 0.9.3 | 4.00 | 46.00 | 50.00 | NOTE | |
r-patched-linux-x86_64 | 0.9.3 | 1.71 | 30.49 | 32.20 | NOTE | |
r-release-linux-x86_64 | 0.9.3 | 1.28 | 28.83 | 30.11 | NOTE | |
r-release-macos-arm64 | 0.9.3 | 23.00 | NOTE | |||
r-release-macos-x86_64 | 0.9.3 | 34.00 | NOTE | |||
r-release-windows-x86_64 | 0.9.3 | 5.00 | 46.00 | 51.00 | NOTE | |
r-oldrel-macos-arm64 | 0.9.3 | 20.00 | NOTE | |||
r-oldrel-windows-x86_64 | 0.9.3 | 3.00 | 51.00 | 54.00 | NOTE |
Version: 0.9.3
Check: LazyData
Result: NOTE
'LazyData' is specified without a 'data' directory
Flavors: r-devel-linux-x86_64-debian-clang, r-devel-linux-x86_64-debian-gcc, r-devel-linux-x86_64-fedora-clang, r-devel-linux-x86_64-fedora-gcc, r-prerel-macos-arm64, r-prerel-windows-x86_64, r-patched-linux-x86_64, r-release-linux-x86_64, r-release-macos-arm64, r-release-macos-x86_64, r-release-windows-x86_64, r-oldrel-macos-arm64, r-oldrel-windows-x86_64