Last updated on 2024-03-12 07:50:04 CET.
Flavor | Version | Tinstall | Tcheck | Ttotal | Status | Flags |
---|---|---|---|---|---|---|
r-devel-linux-x86_64-debian-clang | 0.2.0 | 2.92 | 48.17 | 51.09 | NOTE | |
r-devel-linux-x86_64-debian-gcc | 0.2.0 | 2.55 | 39.08 | 41.63 | NOTE | |
r-devel-linux-x86_64-fedora-clang | 0.2.0 | 68.74 | NOTE | |||
r-devel-linux-x86_64-fedora-gcc | 0.2.0 | 76.79 | NOTE | |||
r-devel-windows-x86_64 | 0.2.0 | 5.00 | 67.00 | 72.00 | NOTE | |
r-patched-linux-x86_64 | 0.2.0 | 3.61 | 48.74 | 52.35 | NOTE | |
r-release-linux-x86_64 | 0.2.0 | 3.68 | 48.28 | 51.96 | NOTE | |
r-release-macos-arm64 | 0.2.0 | 32.00 | NOTE | |||
r-release-macos-x86_64 | 0.2.0 | 39.00 | NOTE | |||
r-release-windows-x86_64 | 0.2.0 | 6.00 | 65.00 | 71.00 | NOTE | |
r-oldrel-macos-arm64 | 0.2.0 | 23.00 | NOTE | |||
r-oldrel-windows-x86_64 | 0.2.0 | 5.00 | 65.00 | 70.00 | NOTE |
Version: 0.2.0
Check: package subdirectories
Result: NOTE
Problems with news in ‘NEWS.md’:
No news entries found.
Flavors: r-devel-linux-x86_64-debian-clang, r-devel-linux-x86_64-debian-gcc, r-devel-linux-x86_64-fedora-clang, r-devel-linux-x86_64-fedora-gcc, r-devel-windows-x86_64, r-patched-linux-x86_64, r-release-linux-x86_64, r-release-macos-arm64, r-release-macos-x86_64, r-release-windows-x86_64
Version: 0.2.0
Check: LazyData
Result: NOTE
'LazyData' is specified without a 'data' directory
Flavors: r-devel-linux-x86_64-debian-clang, r-devel-linux-x86_64-debian-gcc, r-devel-linux-x86_64-fedora-clang, r-devel-linux-x86_64-fedora-gcc, r-devel-windows-x86_64, r-patched-linux-x86_64, r-release-linux-x86_64, r-release-macos-arm64, r-release-macos-x86_64, r-release-windows-x86_64, r-oldrel-macos-arm64, r-oldrel-windows-x86_64