Last updated on 2024-03-12 07:50:04 CET.
Flavor | Version | Tinstall | Tcheck | Ttotal | Status | Flags |
---|---|---|---|---|---|---|
r-devel-linux-x86_64-debian-clang | 1.0.1 | 3.78 | 47.60 | 51.38 | NOTE | |
r-devel-linux-x86_64-debian-gcc | 1.0.1 | 4.75 | 38.46 | 43.21 | NOTE | |
r-devel-linux-x86_64-fedora-clang | 1.0.1 | 69.07 | NOTE | |||
r-devel-linux-x86_64-fedora-gcc | 1.0.1 | 64.22 | NOTE | |||
r-devel-windows-x86_64 | 1.0.1 | 6.00 | 61.00 | 67.00 | NOTE | |
r-patched-linux-x86_64 | 1.0.1 | 5.71 | 47.73 | 53.44 | OK | |
r-release-linux-x86_64 | 1.0.1 | 6.01 | 47.16 | 53.17 | OK | |
r-release-macos-arm64 | 1.0.1 | 26.00 | OK | |||
r-release-macos-x86_64 | 1.0.1 | 38.00 | OK | |||
r-release-windows-x86_64 | 1.0.1 | 7.00 | 62.00 | 69.00 | OK | |
r-oldrel-macos-arm64 | 1.0.1 | 23.00 | OK | |||
r-oldrel-windows-x86_64 | 1.0.1 | 7.00 | 69.00 | 76.00 | OK |
Version: 1.0.1
Check: Rd metadata
Result: NOTE
Invalid package aliases in Rd file 'RED.Rd':
‘RED-package’
Flavors: r-devel-linux-x86_64-debian-clang, r-devel-linux-x86_64-debian-gcc, r-devel-linux-x86_64-fedora-clang, r-devel-linux-x86_64-fedora-gcc, r-devel-windows-x86_64