Last updated on 2021-04-16 08:48:38 CEST.
Flavor | Version | Tinstall | Tcheck | Ttotal | Status | Flags |
---|---|---|---|---|---|---|
r-devel-linux-x86_64-debian-clang | 1.0.3 | 9.93 | 183.31 | 193.24 | NOTE | |
r-devel-linux-x86_64-debian-gcc | 1.0.3 | 8.11 | 138.60 | 146.71 | NOTE | |
r-devel-linux-x86_64-fedora-clang | 1.0.3 | 402.74 | NOTE | |||
r-devel-linux-x86_64-fedora-gcc | 1.0.3 | 378.21 | NOTE | |||
r-devel-windows-ix86+x86_64 | 1.0.3 | 21.00 | 226.00 | 247.00 | NOTE | |
r-devel-windows-x86_64-gcc10-UCRT | 1.0.3 | NOTE | ||||
r-patched-linux-x86_64 | 1.0.3 | 8.76 | 171.30 | 180.06 | OK | |
r-patched-solaris-x86 | 1.0.3 | 375.10 | OK | |||
r-release-linux-x86_64 | 1.0.3 | 9.23 | 176.28 | 185.51 | OK | |
r-release-macos-x86_64 | 1.0.3 | OK | ||||
r-release-windows-ix86+x86_64 | 1.0.3 | 16.00 | 422.00 | 438.00 | OK | |
r-oldrel-macos-x86_64 | 1.0.3 | OK | ||||
r-oldrel-windows-ix86+x86_64 | 1.0.3 | 12.00 | 218.00 | 230.00 | OK |
Version: 1.0.3
Check: LazyData
Result: NOTE
'LazyData' is specified without a 'data' directory
Flavors: r-devel-linux-x86_64-debian-clang, r-devel-linux-x86_64-debian-gcc, r-devel-linux-x86_64-fedora-clang, r-devel-linux-x86_64-fedora-gcc, r-devel-windows-ix86+x86_64, r-devel-windows-x86_64-gcc10-UCRT