Last updated on 2024-04-18 08:54:44 CEST.
Flavor | Version | Tinstall | Tcheck | Ttotal | Status | Flags |
---|---|---|---|---|---|---|
r-devel-linux-x86_64-debian-clang | 1.2.2 | 12.71 | 109.68 | 122.39 | OK | |
r-devel-linux-x86_64-debian-gcc | 1.2.2 | 10.51 | 81.20 | 91.71 | OK | |
r-devel-linux-x86_64-fedora-clang | 1.2.2 | 149.44 | NOTE | |||
r-devel-linux-x86_64-fedora-gcc | 1.2.2 | 144.78 | NOTE | |||
r-prerel-macos-arm64 | 1.2.2 | 43.00 | OK | |||
r-prerel-windows-x86_64 | 1.2.2 | 11.00 | 103.00 | 114.00 | OK | |
r-patched-linux-x86_64 | 1.2.2 | 7.98 | 102.65 | 110.63 | OK | |
r-release-linux-x86_64 | 1.2.2 | 8.38 | 108.89 | 117.27 | OK | |
r-release-macos-arm64 | 1.2.2 | 49.00 | OK | |||
r-release-macos-x86_64 | 1.2.2 | 88.00 | OK | |||
r-release-windows-x86_64 | 1.2.2 | 15.00 | 125.00 | 140.00 | OK | |
r-oldrel-macos-arm64 | 1.2.2 | 49.00 | NOTE | |||
r-oldrel-windows-x86_64 | 1.2.2 | 15.00 | 132.00 | 147.00 | OK |
Version: 1.2.2
Check: dependencies in R code
Result: NOTE
Namespaces in Imports field not imported from:
‘SemiPar’ ‘caret’ ‘dplyr’ ‘scales’
All declared Imports should be used.
Flavors: r-devel-linux-x86_64-fedora-clang, r-devel-linux-x86_64-fedora-gcc, r-oldrel-macos-arm64