CRAN Package Check Results for Package refitME

Last updated on 2025-01-26 08:48:35 CET.

Flavor Version Tinstall Tcheck Ttotal Status Flags
r-devel-linux-x86_64-debian-clang 1.2.2 10.74 86.07 96.81 OK
r-devel-linux-x86_64-debian-gcc 1.2.2 8.43 64.34 72.77 OK
r-devel-linux-x86_64-fedora-clang 1.2.2 154.65 NOTE
r-devel-linux-x86_64-fedora-gcc 1.2.2 146.93 NOTE
r-devel-windows-x86_64 1.2.2 12.00 109.00 121.00 OK
r-patched-linux-x86_64 1.2.2 10.78 82.20 92.98 OK
r-release-linux-x86_64 1.2.2 9.00 83.79 92.79 OK
r-release-macos-arm64 1.2.2 43.00 OK
r-release-macos-x86_64 1.2.2 78.00 OK
r-release-windows-x86_64 1.2.2 11.00 107.00 118.00 OK
r-oldrel-macos-arm64 1.2.2 49.00 OK
r-oldrel-macos-x86_64 1.2.2 88.00 OK
r-oldrel-windows-x86_64 1.2.2 15.00 129.00 144.00 OK

Check Details

Version: 1.2.2
Check: dependencies in R code
Result: NOTE Namespaces in Imports field not imported from: ‘SemiPar’ ‘caret’ ‘dplyr’ ‘scales’ All declared Imports should be used. Flavors: r-devel-linux-x86_64-fedora-clang, r-devel-linux-x86_64-fedora-gcc