Last updated on 2024-05-05 08:53:02 CEST.
Flavor | Version | Tinstall | Tcheck | Ttotal | Status | Flags |
---|---|---|---|---|---|---|
r-devel-linux-x86_64-debian-clang | 0.5 | 3.78 | 62.41 | 66.19 | OK | |
r-devel-linux-x86_64-debian-gcc | 0.5 | 3.13 | 46.81 | 49.94 | OK | |
r-devel-linux-x86_64-fedora-clang | 0.5 | 87.83 | OK | |||
r-devel-linux-x86_64-fedora-gcc | 0.5 | 83.23 | OK | |||
r-devel-windows-x86_64 | 0.5 | 4.00 | 58.00 | 62.00 | OK | |
r-patched-linux-x86_64 | 0.5 | 3.52 | 57.64 | 61.16 | OK | |
r-release-linux-x86_64 | 0.5 | 3.25 | 59.12 | 62.37 | OK | |
r-release-macos-arm64 | 0.5 | 5.00 | ERROR | |||
r-release-macos-x86_64 | 0.5 | 7.00 | ERROR | |||
r-release-windows-x86_64 | 0.5 | 4.00 | 62.00 | 66.00 | OK | |
r-oldrel-macos-arm64 | 0.5 | 11.00 | ERROR | |||
r-oldrel-macos-x86_64 | 0.5 | 6.00 | ERROR | |||
r-oldrel-windows-x86_64 | 0.5 | 5.00 | 70.00 | 75.00 | OK |
Version: 0.5
Check: package dependencies
Result: ERROR
Package required but not available: ‘Rmpi’
See section ‘The DESCRIPTION file’ in the ‘Writing R Extensions’
manual.
Flavors: r-release-macos-arm64, r-release-macos-x86_64, r-oldrel-macos-arm64, r-oldrel-macos-x86_64