Last updated on 2024-04-25 08:00:04 CEST.
Flavor | Version | Tinstall | Tcheck | Ttotal | Status | Flags |
---|---|---|---|---|---|---|
r-devel-linux-x86_64-debian-clang | 0.1.2 | 6.93 | 56.19 | 63.12 | OK | |
r-devel-linux-x86_64-debian-gcc | 0.1.2 | 5.05 | 41.73 | 46.78 | OK | |
r-devel-linux-x86_64-fedora-clang | 0.1.2 | 79.12 | NOTE | |||
r-devel-linux-x86_64-fedora-gcc | 0.1.2 | 87.22 | NOTE | |||
r-devel-windows-x86_64 | 0.1.2 | 7.00 | 61.00 | 68.00 | OK | |
r-patched-linux-x86_64 | 0.1.2 | 6.91 | 54.75 | 61.66 | OK | |
r-release-linux-x86_64 | 0.1.2 | 6.88 | 52.03 | 58.91 | OK | |
r-release-macos-arm64 | 0.1.2 | 32.00 | OK | |||
r-release-macos-x86_64 | 0.1.2 | 65.00 | OK | |||
r-release-windows-x86_64 | 0.1.2 | 7.00 | 61.00 | 68.00 | OK | |
r-oldrel-macos-arm64 | 0.1.2 | 36.00 | OK | |||
r-oldrel-macos-x86_64 | 0.1.2 | 60.00 | OK | |||
r-oldrel-windows-x86_64 | 0.1.2 | 9.00 | 69.00 | 78.00 | OK |
Version: 0.1.2
Check: data for non-ASCII characters
Result: NOTE
Note: found 20 marked UTF-8 strings
Flavors: r-devel-linux-x86_64-fedora-clang, r-devel-linux-x86_64-fedora-gcc