CRAN Package Check Results for Package regrrr

Last updated on 2021-07-26 09:54:19 CEST.

Flavor Version Tinstall Tcheck Ttotal Status Flags
r-devel-linux-x86_64-debian-clang 0.1.2 17.15 143.39 160.54 OK
r-devel-linux-x86_64-debian-gcc 0.1.2 14.40 106.02 120.42 OK
r-devel-linux-x86_64-fedora-clang 0.1.2 209.77 OK
r-devel-linux-x86_64-fedora-gcc 0.1.2 181.44 OK
r-devel-windows-x86_64 0.1.2 25.00 159.00 184.00 OK
r-devel-windows-x86_64-gcc10-UCRT 0.1.1 NOTE
r-patched-linux-x86_64 0.1.2 15.81 131.92 147.73 OK
r-patched-solaris-x86 0.1.2 251.20 OK
r-release-linux-x86_64 0.1.2 13.70 131.48 145.18 OK
r-release-macos-arm64 0.1.2 OK
r-release-macos-x86_64 0.1.2 OK
r-release-windows-ix86+x86_64 0.1.2 27.00 107.00 134.00 OK
r-oldrel-macos-x86_64 0.1.2 OK
r-oldrel-windows-ix86+x86_64 0.1.2 28.00 115.00 143.00 OK

Check Details

Version: 0.1.1
Check: LazyData
Result: NOTE
     'LazyData' is specified without a 'data' directory
Flavor: r-devel-windows-x86_64-gcc10-UCRT