CRAN Package Check Results for Package regtomean

Last updated on 2021-07-25 08:51:08 CEST.

Flavor Version Tinstall Tcheck Ttotal Status Flags
r-devel-linux-x86_64-debian-clang 1.0 13.49 111.35 124.84 OK
r-devel-linux-x86_64-debian-gcc 1.0 11.00 84.15 95.15 OK
r-devel-linux-x86_64-fedora-clang 1.0 161.82 OK
r-devel-linux-x86_64-fedora-gcc 1.0 147.43 OK
r-devel-windows-x86_64 1.0 17.00 95.00 112.00 OK
r-devel-windows-x86_64-gcc10-UCRT 1.0 OK
r-patched-linux-x86_64 1.0 12.02 105.38 117.40 OK
r-patched-solaris-x86 1.0 201.50 OK
r-release-linux-x86_64 1.0 11.01 103.98 114.99 OK
r-release-macos-arm64 1.0 OK
r-release-macos-x86_64 1.0 OK
r-release-windows-ix86+x86_64 1.0 33.00 102.00 135.00 OK
r-oldrel-macos-x86_64 1.0 OK
r-oldrel-windows-ix86+x86_64 1.0 21.00 10.00 31.00 ERROR

Check Details

Version: 1.0
Check: whether package can be installed
Result: ERROR
    Installation failed.
Flavor: r-oldrel-windows-ix86+x86_64