Last updated on 2024-04-24 07:57:51 CEST.
Flavor | Version | Tinstall | Tcheck | Ttotal | Status | Flags |
---|---|---|---|---|---|---|
r-devel-linux-x86_64-debian-clang | 0.1.0 | 9.71 | 59.07 | 68.78 | NOTE | |
r-devel-linux-x86_64-debian-gcc | 0.1.0 | 8.42 | 43.81 | 52.23 | NOTE | |
r-devel-linux-x86_64-fedora-clang | 0.1.0 | 86.12 | NOTE | |||
r-devel-linux-x86_64-fedora-gcc | 0.1.0 | 81.22 | NOTE | |||
r-prerel-macos-arm64 | 0.1.0 | 26.00 | NOTE | |||
r-prerel-windows-x86_64 | 0.1.0 | 12.00 | 63.00 | 75.00 | NOTE | |
r-patched-linux-x86_64 | 0.1.0 | 10.34 | 56.61 | 66.95 | NOTE | |
r-release-linux-x86_64 | 0.1.0 | 6.15 | 57.16 | 63.31 | NOTE | |
r-release-macos-arm64 | 0.1.0 | 29.00 | NOTE | |||
r-release-macos-x86_64 | 0.1.0 | 44.00 | NOTE | |||
r-release-windows-x86_64 | 0.1.0 | 13.00 | 71.00 | 84.00 | NOTE | |
r-oldrel-macos-arm64 | 0.1.0 | 30.00 | NOTE | |||
r-oldrel-windows-x86_64 | 0.1.0 | 14.00 | 74.00 | 88.00 | NOTE |
Version: 0.1.0
Check: LazyData
Result: NOTE
'LazyData' is specified without a 'data' directory
Flavors: r-devel-linux-x86_64-debian-clang, r-devel-linux-x86_64-debian-gcc, r-devel-linux-x86_64-fedora-clang, r-devel-linux-x86_64-fedora-gcc, r-prerel-macos-arm64, r-prerel-windows-x86_64, r-patched-linux-x86_64, r-release-linux-x86_64, r-release-macos-arm64, r-release-macos-x86_64, r-release-windows-x86_64, r-oldrel-macos-arm64, r-oldrel-windows-x86_64