Last updated on 2024-04-24 07:57:51 CEST.
Flavor | Version | Tinstall | Tcheck | Ttotal | Status | Flags |
---|---|---|---|---|---|---|
r-devel-linux-x86_64-debian-clang | 1.2-1 | 10.13 | 52.96 | 63.09 | NOTE | |
r-devel-linux-x86_64-debian-gcc | 1.2-1 | 7.55 | 39.43 | 46.98 | NOTE | |
r-devel-linux-x86_64-fedora-clang | 1.2-1 | 77.97 | NOTE | |||
r-devel-linux-x86_64-fedora-gcc | 1.2-1 | 76.56 | NOTE | |||
r-prerel-macos-arm64 | 1.2-1 | 26.00 | NOTE | |||
r-prerel-windows-x86_64 | 1.2-1 | 14.00 | 58.00 | 72.00 | NOTE | |
r-patched-linux-x86_64 | 1.2-1 | 9.94 | 49.37 | 59.31 | NOTE | |
r-release-linux-x86_64 | 1.2-1 | 9.83 | 50.85 | 60.68 | OK | |
r-release-macos-arm64 | 1.2-1 | 28.00 | OK | |||
r-release-macos-x86_64 | 1.2-1 | 40.00 | OK | |||
r-release-windows-x86_64 | 1.2-1 | 16.00 | 66.00 | 82.00 | OK | |
r-oldrel-macos-arm64 | 1.2-1 | 23.00 | OK | |||
r-oldrel-windows-x86_64 | 1.2-1 | 15.00 | 67.00 | 82.00 | OK |
Version: 1.2-1
Check: Rd files
Result: NOTE
checkRd: (-1) rem.dyad.Rd:121: Lost braces; missing escapes or markup?
121 | \item Single or multiple covariates, time varying: For \code{CovSnd}, \code{CovRec}, or \code{CovInt}, an \code{m} by \code{p} by {n} array whose respective dimensions index time (i.e., event number), covariate, and actor. For \code{CovEvent}, a \code{m} by \code{p} by \code{n} by \code{n} array, whose dimensions are analogous to the previous case.
| ^
Flavors: r-devel-linux-x86_64-debian-clang, r-devel-linux-x86_64-debian-gcc, r-devel-linux-x86_64-fedora-clang, r-devel-linux-x86_64-fedora-gcc, r-prerel-macos-arm64, r-prerel-windows-x86_64, r-patched-linux-x86_64