Last updated on 2023-01-31 07:54:23 CET.
Flavor | Version | Tinstall | Tcheck | Ttotal | Status | Flags |
---|---|---|---|---|---|---|
r-devel-linux-x86_64-debian-clang | 1.2.0 | 52.00 | 66.89 | 118.89 | NOTE | |
r-devel-linux-x86_64-debian-gcc | 1.2.0 | 43.66 | 50.28 | 93.94 | NOTE | |
r-devel-linux-x86_64-fedora-clang | 1.2.0 | 168.44 | NOTE | |||
r-devel-linux-x86_64-fedora-gcc | 1.2.0 | 175.75 | NOTE | |||
r-devel-windows-x86_64 | 1.2.0 | 120.00 | 113.00 | 233.00 | NOTE | |
r-patched-linux-x86_64 | 1.2.0 | 46.39 | 66.67 | 113.06 | OK | |
r-release-linux-x86_64 | 1.2.0 | 47.33 | 66.22 | 113.55 | OK | |
r-release-macos-arm64 | 1.2.0 | 55.00 | NOTE | |||
r-release-macos-x86_64 | 1.2.0 | 59.00 | NOTE | |||
r-release-windows-x86_64 | 1.2.0 | 52.00 | 128.00 | 180.00 | OK | |
r-oldrel-macos-arm64 | 1.2.0 | 50.00 | NOTE | |||
r-oldrel-macos-x86_64 | 1.2.0 | 59.00 | NOTE | |||
r-oldrel-windows-ix86+x86_64 | 1.2.0 | 142.00 | 144.00 | 286.00 | OK |
Version: 1.2.0
Check: package subdirectories
Result: NOTE
Problems with news in ‘NEWS.md’:
No news entries found.
Flavors: r-devel-linux-x86_64-debian-clang, r-devel-linux-x86_64-debian-gcc, r-devel-linux-x86_64-fedora-clang, r-devel-linux-x86_64-fedora-gcc, r-devel-windows-x86_64
Version: 1.2.0
Check: C++ specification
Result: NOTE
Specified C++11: please update to current default of C++17
Flavors: r-devel-linux-x86_64-debian-gcc, r-devel-linux-x86_64-fedora-clang, r-devel-linux-x86_64-fedora-gcc, r-devel-windows-x86_64
Version: 1.2.0
Check: installed package size
Result: NOTE
installed size is 6.7Mb
sub-directories of 1Mb or more:
libs 6.5Mb
Flavors: r-release-macos-arm64, r-release-macos-x86_64, r-oldrel-macos-arm64, r-oldrel-macos-x86_64