CRAN Package Check Results for Package remotes

Last updated on 2021-04-15 09:50:13 CEST.

Flavor Version Tinstall Tcheck Ttotal Status Flags
r-devel-linux-x86_64-debian-clang 2.3.0 5.50 57.45 62.95 OK
r-devel-linux-x86_64-debian-gcc 2.3.0 4.50 44.57 49.07 OK
r-devel-linux-x86_64-fedora-clang 2.3.0 85.58 OK
r-devel-linux-x86_64-fedora-gcc 2.3.0 83.40 OK
r-devel-windows-ix86+x86_64 2.3.0 11.00 73.00 84.00 OK
r-devel-windows-x86_64-gcc10-UCRT 2.3.0 OK
r-patched-linux-x86_64 2.3.0 5.47 54.00 59.47 OK
r-patched-solaris-x86 2.3.0 101.30 OK
r-release-linux-x86_64 2.3.0 5.04 54.38 59.42 OK
r-release-macos-x86_64 2.3.0 OK
r-release-windows-ix86+x86_64 2.3.0 10.00 86.00 96.00 OK
r-oldrel-macos-x86_64 2.3.0 ERROR
r-oldrel-windows-ix86+x86_64 2.3.0 9.00 81.00 90.00 OK

Check Details

Version: 2.3.0
Check: package dependencies
Result: NOTE
    Package suggested but not available for checking: ‘webfakes’
Flavor: r-oldrel-macos-x86_64

Version: 2.3.0
Check: tests
Result: ERROR
     Running ‘testthat.R’ [1s/1s]
    Running the tests in ‘tests/testthat.R’ failed.
    Complete output:
     > library(testthat)
     > library(remotes)
     >
     > test_check("remotes")
     Error in loadNamespace(name) : there is no package called 'webfakes'
     Calls: test_check ... loadNamespace -> withRestarts -> withOneRestart -> doWithOneRestart
     Execution halted
Flavor: r-oldrel-macos-x86_64