Last updated on 2024-04-23 08:58:14 CEST.
Flavor | Version | Tinstall | Tcheck | Ttotal | Status | Flags |
---|---|---|---|---|---|---|
r-devel-linux-x86_64-debian-clang | 3.4 | 179.01 | 39.99 | 219.00 | OK | |
r-devel-linux-x86_64-debian-gcc | 3.4 | 144.25 | 30.92 | 175.17 | OK | |
r-devel-linux-x86_64-fedora-clang | 3.4 | 313.98 | NOTE | |||
r-devel-linux-x86_64-fedora-gcc | 3.4 | 345.46 | NOTE | |||
r-prerel-macos-arm64 | 3.4 | 63.00 | NOTE | |||
r-prerel-windows-x86_64 | 3.4 | 129.00 | 80.00 | 209.00 | OK | |
r-patched-linux-x86_64 | 3.4 | 197.95 | 39.77 | 237.72 | OK | |
r-release-linux-x86_64 | 3.4 | 183.07 | 38.36 | 221.43 | OK | |
r-release-macos-arm64 | 3.4 | 84.00 | NOTE | |||
r-release-macos-x86_64 | 3.4 | 135.00 | NOTE | |||
r-release-windows-x86_64 | 3.4 | 174.00 | 86.00 | 260.00 | OK | |
r-oldrel-macos-arm64 | 3.4 | 71.00 | NOTE | |||
r-oldrel-windows-x86_64 | 3.4 | 157.00 | 85.00 | 242.00 | OK |
Version: 3.4
Check: compiled code
Result: NOTE
File ‘repolr/libs/repolr.so’:
Found no calls to: ‘R_registerRoutines’, ‘R_useDynamicSymbols’
It is good practice to register native routines and to disable symbol
search.
See ‘Writing portable packages’ in the ‘Writing R Extensions’ manual.
Flavors: r-devel-linux-x86_64-fedora-clang, r-devel-linux-x86_64-fedora-gcc
Version: 3.4
Check: installed package size
Result: NOTE
installed size is 9.5Mb
sub-directories of 1Mb or more:
libs 9.3Mb
Flavors: r-prerel-macos-arm64, r-release-macos-arm64, r-release-macos-x86_64, r-oldrel-macos-arm64