Last updated on 2024-04-19 08:54:52 CEST.
Flavor | Version | Tinstall | Tcheck | Ttotal | Status | Flags |
---|---|---|---|---|---|---|
r-devel-linux-x86_64-debian-clang | 1.1.7 | 6.40 | 53.27 | 59.67 | OK | |
r-devel-linux-x86_64-debian-gcc | 1.1.7 | OK | ||||
r-devel-linux-x86_64-fedora-clang | 1.1.7 | 73.53 | NOTE | |||
r-devel-linux-x86_64-fedora-gcc | 1.1.7 | 146.27 | OK | |||
r-prerel-macos-arm64 | 1.1.7 | 53.00 | OK | |||
r-prerel-macos-x86_64 | 1.1.7 | 236.00 | OK | |||
r-prerel-windows-x86_64 | 1.1.7 | 5.00 | 67.00 | 72.00 | OK | |
r-patched-linux-x86_64 | 1.1.7 | 6.16 | 52.76 | 58.92 | OK | |
r-release-linux-x86_64 | 1.1.7 | 3.86 | 52.72 | 56.58 | OK | |
r-release-macos-arm64 | 1.1.7 | 69.00 | OK | |||
r-release-macos-x86_64 | 1.1.7 | 211.00 | OK | |||
r-release-windows-x86_64 | 1.1.7 | 7.00 | 72.00 | 79.00 | OK | |
r-oldrel-macos-arm64 | 1.1.7 | 80.00 | OK | |||
r-oldrel-windows-x86_64 | 1.1.7 | 7.00 | 73.00 | 80.00 | OK |
Version: 1.1.7
Check: Rd cross-references
Result: NOTE
Undeclared package ‘ggplot2’ in Rd xrefs
Flavor: r-devel-linux-x86_64-fedora-clang