Last updated on 2024-04-19 08:54:52 CEST.
Flavor | Version | Tinstall | Tcheck | Ttotal | Status | Flags |
---|---|---|---|---|---|---|
r-devel-linux-x86_64-debian-clang | 0.1.3 | 1.78 | 28.64 | 30.42 | NOTE | |
r-devel-linux-x86_64-debian-gcc | 0.1.3 | NOTE | ||||
r-devel-linux-x86_64-fedora-clang | 0.1.3 | 39.91 | NOTE | |||
r-devel-linux-x86_64-fedora-gcc | 0.1.3 | 50.72 | NOTE | |||
r-prerel-macos-arm64 | 0.1.3 | 22.00 | NOTE | |||
r-prerel-windows-x86_64 | 0.1.3 | 4.00 | 48.00 | 52.00 | NOTE | |
r-patched-linux-x86_64 | 0.1.3 | 2.55 | 26.95 | 29.50 | NOTE | |
r-release-linux-x86_64 | 0.1.3 | 2.25 | 25.63 | 27.88 | NOTE | |
r-release-macos-arm64 | 0.1.3 | 23.00 | NOTE | |||
r-release-macos-x86_64 | 0.1.3 | 29.00 | NOTE | |||
r-release-windows-x86_64 | 0.1.3 | 4.00 | 45.00 | 49.00 | NOTE | |
r-oldrel-macos-arm64 | 0.1.3 | 18.00 | NOTE | |||
r-oldrel-windows-x86_64 | 0.1.3 | 4.00 | 47.00 | 51.00 | NOTE |
Version: 0.1.3
Check: LazyData
Result: NOTE
'LazyData' is specified without a 'data' directory
Flavors: r-devel-linux-x86_64-debian-clang, r-devel-linux-x86_64-debian-gcc, r-devel-linux-x86_64-fedora-clang, r-devel-linux-x86_64-fedora-gcc, r-prerel-macos-arm64, r-prerel-windows-x86_64, r-patched-linux-x86_64, r-release-linux-x86_64, r-release-macos-arm64, r-release-macos-x86_64, r-release-windows-x86_64, r-oldrel-macos-arm64, r-oldrel-windows-x86_64