Last updated on 2024-04-24 07:57:51 CEST.
Flavor | Version | Tinstall | Tcheck | Ttotal | Status | Flags |
---|---|---|---|---|---|---|
r-devel-linux-x86_64-debian-clang | 1.4.4 | 26.96 | 43.86 | 70.82 | NOTE | |
r-devel-linux-x86_64-debian-gcc | 1.4.4 | 18.26 | 32.33 | 50.59 | NOTE | |
r-devel-linux-x86_64-fedora-clang | 1.4.4 | 89.98 | NOTE | |||
r-devel-linux-x86_64-fedora-gcc | 1.4.4 | 86.95 | NOTE | |||
r-prerel-macos-arm64 | 1.4.4 | 26.00 | NOTE | |||
r-prerel-windows-x86_64 | 1.4.4 | 21.00 | 71.00 | 92.00 | NOTE | |
r-patched-linux-x86_64 | 1.4.4 | 22.60 | 41.24 | 63.84 | NOTE | |
r-release-linux-x86_64 | 1.4.4 | 25.08 | 42.33 | 67.41 | NOTE | |
r-release-macos-arm64 | 1.4.4 | 27.00 | NOTE | |||
r-release-macos-x86_64 | 1.4.4 | 46.00 | NOTE | |||
r-release-windows-x86_64 | 1.4.4 | 26.00 | 79.00 | 105.00 | NOTE | |
r-oldrel-macos-arm64 | 1.4.4 | 22.00 | OK | |||
r-oldrel-windows-x86_64 | 1.4.4 | 25.00 | 77.00 | 102.00 | OK |
Version: 1.4.4
Check: Rd files
Result: NOTE
checkRd: (-1) cast.Rd:45: Escaped LaTeX specials: \_
checkRd: (-1) cast.Rd:46: Escaped LaTeX specials: \_
Flavors: r-devel-linux-x86_64-debian-clang, r-devel-linux-x86_64-debian-gcc, r-devel-linux-x86_64-fedora-clang, r-devel-linux-x86_64-fedora-gcc, r-prerel-macos-arm64, r-prerel-windows-x86_64, r-patched-linux-x86_64, r-release-linux-x86_64, r-release-macos-arm64, r-release-macos-x86_64, r-release-windows-x86_64