CRAN Package Check Results for Package respirometry

Last updated on 2021-07-25 08:51:08 CEST.

Flavor Version Tinstall Tcheck Ttotal Status Flags
r-devel-linux-x86_64-debian-clang 1.3.0 8.10 64.03 72.13 NOTE
r-devel-linux-x86_64-debian-gcc 1.3.0 5.90 48.25 54.15 NOTE
r-devel-linux-x86_64-fedora-clang 1.3.0 97.28 NOTE
r-devel-linux-x86_64-fedora-gcc 1.3.0 83.37 NOTE
r-devel-windows-x86_64 1.3.0 10.00 67.00 77.00 NOTE
r-devel-windows-x86_64-gcc10-UCRT 1.3.0 NOTE
r-patched-linux-x86_64 1.3.0 7.60 62.75 70.35 NOTE
r-patched-solaris-x86 1.3.0 112.00 NOTE
r-release-linux-x86_64 1.3.0 7.00 61.20 68.20 NOTE
r-release-macos-arm64 1.3.0 NOTE
r-release-macos-x86_64 1.3.0 NOTE
r-release-windows-ix86+x86_64 1.3.0 17.00 65.00 82.00 NOTE
r-oldrel-macos-x86_64 1.3.0 OK
r-oldrel-windows-ix86+x86_64 1.3.0 18.00 86.00 104.00 OK

Check Details

Version: 1.3.0
Check: LazyData
Result: NOTE
     'LazyData' is specified without a 'data' directory
Flavors: r-devel-linux-x86_64-debian-clang, r-devel-linux-x86_64-debian-gcc, r-devel-linux-x86_64-fedora-clang, r-devel-linux-x86_64-fedora-gcc, r-devel-windows-x86_64, r-devel-windows-x86_64-gcc10-UCRT, r-patched-linux-x86_64, r-patched-solaris-x86, r-release-linux-x86_64, r-release-macos-arm64, r-release-macos-x86_64, r-release-windows-ix86+x86_64