Last updated on 2024-03-12 07:50:05 CET.
Flavor | Version | Tinstall | Tcheck | Ttotal | Status | Flags |
---|---|---|---|---|---|---|
r-devel-linux-x86_64-debian-clang | 1.35.0 | 43.55 | 145.82 | 189.37 | OK | |
r-devel-linux-x86_64-debian-gcc | 1.35.0 | 37.91 | 111.20 | 149.11 | OK | |
r-devel-linux-x86_64-fedora-clang | 1.35.0 | 248.35 | OK | |||
r-devel-linux-x86_64-fedora-gcc | 1.35.0 | 261.04 | OK | |||
r-devel-windows-x86_64 | 1.35.0 | 46.00 | 154.00 | 200.00 | OK | |
r-patched-linux-x86_64 | 1.35.0 | 52.69 | 144.06 | 196.75 | OK | |
r-release-linux-x86_64 | 1.35.0 | 47.14 | 145.73 | 192.87 | OK | |
r-release-macos-arm64 | 1.35.0 | 92.00 | NOTE | |||
r-release-macos-x86_64 | 1.35.0 | 164.00 | NOTE | |||
r-release-windows-x86_64 | 1.35.0 | 58.00 | 175.00 | 233.00 | OK | |
r-oldrel-macos-arm64 | 1.35.0 | 73.00 | NOTE | |||
r-oldrel-windows-x86_64 | 1.35.0 | 50.00 | 167.00 | 217.00 | OK |
Version: 1.35.0
Check: installed package size
Result: NOTE
installed size is 5.9Mb
sub-directories of 1Mb or more:
libs 3.6Mb
Flavors: r-release-macos-arm64, r-release-macos-x86_64, r-oldrel-macos-arm64