Last updated on 2024-08-31 08:48:21 CEST.
Flavor | Version | Tinstall | Tcheck | Ttotal | Status | Flags |
---|---|---|---|---|---|---|
r-devel-linux-x86_64-debian-clang | 0.2.0 | 8.17 | 122.15 | 130.32 | NOTE | |
r-devel-linux-x86_64-debian-gcc | 0.2.0 | 5.92 | 78.41 | 84.33 | NOTE | |
r-devel-linux-x86_64-fedora-clang | 0.2.0 | 207.24 | NOTE | |||
r-devel-linux-x86_64-fedora-gcc | 0.2.0 | 202.96 | NOTE | |||
r-devel-windows-x86_64 | 0.2.0 | 9.00 | 132.00 | 141.00 | NOTE | |
r-patched-linux-x86_64 | 0.2.0 | 7.32 | 111.89 | 119.21 | NOTE | |
r-release-linux-x86_64 | 0.2.0 | 6.76 | 110.45 | 117.21 | NOTE | |
r-release-macos-arm64 | 0.2.0 | 64.00 | NOTE | |||
r-release-macos-x86_64 | 0.2.0 | 97.00 | NOTE | |||
r-release-windows-x86_64 | 0.2.0 | 10.00 | 140.00 | 150.00 | NOTE | |
r-oldrel-macos-arm64 | 0.2.0 | 72.00 | NOTE | |||
r-oldrel-macos-x86_64 | 0.2.0 | 121.00 | NOTE | |||
r-oldrel-windows-x86_64 | 0.2.0 | 11.00 | 158.00 | 169.00 | NOTE |
Version: 0.2.0
Check: Rd files
Result: NOTE
checkRd: (-1) harmonize_values.Rd:44: Lost braces; missing escapes or markup?
44 | \item{perl}{Use perl-like regex? Defaults to {FALSE}.}
| ^
Flavors: r-devel-linux-x86_64-debian-clang, r-devel-linux-x86_64-debian-gcc, r-devel-linux-x86_64-fedora-clang, r-devel-linux-x86_64-fedora-gcc, r-devel-windows-x86_64, r-patched-linux-x86_64, r-release-linux-x86_64, r-release-macos-arm64, r-release-macos-x86_64, r-release-windows-x86_64
Version: 0.2.0
Check: installed package size
Result: NOTE
installed size is 5.7Mb
sub-directories of 1Mb or more:
doc 1.1Mb
examples 1.9Mb
Flavors: r-devel-linux-x86_64-fedora-clang, r-devel-windows-x86_64, r-release-macos-arm64, r-release-macos-x86_64, r-release-windows-x86_64, r-oldrel-macos-arm64, r-oldrel-macos-x86_64, r-oldrel-windows-x86_64