Last updated on 2024-07-27 08:49:29 CEST.
Flavor | Version | Tinstall | Tcheck | Ttotal | Status | Flags |
---|---|---|---|---|---|---|
r-devel-linux-x86_64-debian-clang | 1.5.4 | 49.92 | 531.00 | 580.92 | OK | |
r-devel-linux-x86_64-debian-gcc | 1.5.4 | OK | ||||
r-devel-linux-x86_64-fedora-clang | 1.5.4 | 757.02 | OK | |||
r-devel-linux-x86_64-fedora-gcc | 1.5.4 | 693.81 | OK | |||
r-devel-windows-x86_64 | 1.5.4 | 50.00 | 386.00 | 436.00 | OK | |
r-patched-linux-x86_64 | 1.5.4 | OK | ||||
r-release-linux-x86_64 | 1.5.4 | 35.04 | 504.43 | 539.47 | OK | |
r-release-macos-arm64 | 1.5.4 | 159.00 | NOTE | |||
r-release-macos-x86_64 | 1.5.4 | 1803.00 | ERROR | |||
r-release-windows-x86_64 | 1.5.4 | 53.00 | 9287.00 | 9340.00 | ERROR | |
r-oldrel-macos-arm64 | 1.5.4 | 236.00 | NOTE | |||
r-oldrel-macos-x86_64 | 1.5.4 | 1803.00 | ERROR | |||
r-oldrel-windows-x86_64 | 1.5.4 | 53.00 | 486.00 | 539.00 | OK |
ATLAS Intel MKL OpenBLAS valgrind
Version: 1.5.4
Check: installed package size
Result: NOTE
installed size is 5.9Mb
sub-directories of 1Mb or more:
libs 4.7Mb
Flavors: r-release-macos-arm64, r-release-macos-x86_64, r-oldrel-macos-arm64, r-oldrel-macos-x86_64
Version: 1.5.4
Check: tests
Result: ERROR
Running ‘testthat.R’ [22m/28m]
Running the tests in ‘tests/testthat.R’ failed.
Complete output:
> library(testthat)
> library(revdbayes)
>
> test_check("revdbayes")
Execution halted
Flavor: r-release-macos-x86_64
Version: 1.5.4
Check: re-building of vignette outputs
Result: ERROR
Error(s) in re-building vignettes:
--- re-building 'revdbayes-a-vignette.Rmd' using rmarkdown
--- finished re-building 'revdbayes-a-vignette.Rmd'
--- re-building 'revdbayes-b-using-rcpp-vignette.Rmd' using rmarkdown
--- re-building 'revdbayes-c-predictive-vignette.Rmd' using rmarkdown
--- finished re-building 'revdbayes-c-predictive-vignette.Rmd'
--- re-building 'revdbayes-d-kgaps-vignette.Rmd' using rmarkdown
--- finished re-building 'revdbayes-d-kgaps-vignette.Rmd'
SUMMARY: processing the following file failed:
'revdbayes-b-using-rcpp-vignette.Rmd'
Error: Vignette re-building failed.
Execution halted
Flavor: r-release-windows-x86_64
Version: 1.5.4
Check: tests
Result: ERROR
Running ‘testthat.R’ [16m/28m]
Running the tests in ‘tests/testthat.R’ failed.
Complete output:
> library(testthat)
> library(revdbayes)
>
> test_check("revdbayes")
Execution halted
Flavor: r-oldrel-macos-x86_64