Last updated on 2024-03-12 07:50:05 CET.
Flavor | Version | Tinstall | Tcheck | Ttotal | Status | Flags |
---|---|---|---|---|---|---|
r-devel-linux-x86_64-debian-clang | 0.0.3 | 4.62 | 43.41 | 48.03 | NOTE | |
r-devel-linux-x86_64-debian-gcc | 0.0.3 | 4.51 | 34.63 | 39.14 | NOTE | |
r-devel-linux-x86_64-fedora-clang | 0.0.3 | 62.60 | NOTE | |||
r-devel-linux-x86_64-fedora-gcc | 0.0.3 | 59.27 | NOTE | |||
r-devel-windows-x86_64 | 0.0.3 | 7.00 | 61.00 | 68.00 | NOTE | |
r-patched-linux-x86_64 | 0.0.3 | 3.45 | 43.15 | 46.60 | NOTE | |
r-release-linux-x86_64 | 0.0.3 | 3.40 | 43.88 | 47.28 | NOTE | |
r-release-macos-arm64 | 0.0.3 | 25.00 | NOTE | |||
r-release-macos-x86_64 | 0.0.3 | 35.00 | NOTE | |||
r-release-windows-x86_64 | 0.0.3 | 7.00 | 63.00 | 70.00 | NOTE | |
r-oldrel-macos-arm64 | 0.0.3 | 21.00 | NOTE | |||
r-oldrel-windows-x86_64 | 0.0.3 | 7.00 | 66.00 | 73.00 | NOTE |
Version: 0.0.3
Check: LazyData
Result: NOTE
'LazyData' is specified without a 'data' directory
Flavors: r-devel-linux-x86_64-debian-clang, r-devel-linux-x86_64-debian-gcc, r-devel-linux-x86_64-fedora-clang, r-devel-linux-x86_64-fedora-gcc, r-devel-windows-x86_64, r-patched-linux-x86_64, r-release-linux-x86_64, r-release-macos-arm64, r-release-macos-x86_64, r-release-windows-x86_64, r-oldrel-macos-arm64, r-oldrel-windows-x86_64