Last updated on 2024-03-12 07:50:05 CET.
Flavor | Version | Tinstall | Tcheck | Ttotal | Status | Flags |
---|---|---|---|---|---|---|
r-devel-linux-x86_64-debian-clang | 1.0.3 | 11.04 | 144.95 | 155.99 | OK | |
r-devel-linux-x86_64-debian-gcc | 1.0.3 | 9.32 | 112.14 | 121.46 | OK | |
r-devel-linux-x86_64-fedora-clang | 1.0.3 | 198.22 | NOTE | |||
r-devel-linux-x86_64-fedora-gcc | 1.0.3 | 201.73 | NOTE | |||
r-devel-windows-x86_64 | 1.0.3 | 13.00 | 127.00 | 140.00 | OK | |
r-patched-linux-x86_64 | 1.0.3 | 11.08 | 146.18 | 157.26 | OK | |
r-release-linux-x86_64 | 1.0.3 | 10.50 | 142.96 | 153.46 | OK | |
r-release-macos-arm64 | 1.0.3 | 64.00 | OK | |||
r-release-macos-x86_64 | 1.0.3 | 104.00 | OK | |||
r-release-windows-x86_64 | 1.0.3 | 15.00 | 149.00 | 164.00 | OK | |
r-oldrel-macos-arm64 | 1.0.3 | 48.00 | NOTE | |||
r-oldrel-windows-x86_64 | 1.0.3 | 16.00 | 155.00 | 171.00 | OK |
Version: 1.0.3
Check: dependencies in R code
Result: NOTE
Namespace in Imports field not imported from: ‘titanic’
All declared Imports should be used.
Flavors: r-devel-linux-x86_64-fedora-clang, r-devel-linux-x86_64-fedora-gcc, r-oldrel-macos-arm64