Last updated on 2024-08-31 08:48:21 CEST.
Flavor | Version | Tinstall | Tcheck | Ttotal | Status | Flags |
---|---|---|---|---|---|---|
r-devel-linux-x86_64-debian-clang | 1.3 | 4.71 | 40.09 | 44.80 | OK | |
r-devel-linux-x86_64-debian-gcc | 1.3 | 3.80 | 30.92 | 34.72 | OK | |
r-devel-linux-x86_64-fedora-clang | 1.3 | 70.03 | NOTE | |||
r-devel-linux-x86_64-fedora-gcc | 1.3 | 66.18 | NOTE | |||
r-devel-windows-x86_64 | 1.3 | 6.00 | 56.00 | 62.00 | OK | |
r-patched-linux-x86_64 | 1.3 | 4.70 | 37.85 | 42.55 | OK | |
r-release-linux-x86_64 | 1.3 | 4.82 | 38.07 | 42.89 | OK | |
r-release-macos-arm64 | 1.3 | 26.00 | OK | |||
r-release-macos-x86_64 | 1.3 | 34.00 | OK | |||
r-release-windows-x86_64 | 1.3 | 7.00 | 65.00 | 72.00 | OK | |
r-oldrel-macos-arm64 | 1.3 | 34.00 | OK | |||
r-oldrel-macos-x86_64 | 1.3 | 58.00 | OK | |||
r-oldrel-windows-x86_64 | 1.3 | 8.00 | 61.00 | 69.00 | OK |
Version: 1.3
Check: dependencies in R code
Result: NOTE
Namespace in Imports field not imported from: ‘hoardr’
All declared Imports should be used.
Flavors: r-devel-linux-x86_64-fedora-clang, r-devel-linux-x86_64-fedora-gcc