CRAN Package Check Results for Package rglwidget

Last updated on 2021-09-26 08:50:24 CEST.

Flavor Version Tinstall Tcheck Ttotal Status Flags
r-devel-linux-x86_64-debian-clang 0.2.1 2.66 29.51 32.17 NOTE
r-devel-linux-x86_64-debian-gcc 0.2.1 2.12 23.92 26.04 NOTE
r-devel-linux-x86_64-fedora-clang 0.2.1 48.10 NOTE
r-devel-linux-x86_64-fedora-gcc 0.2.1 38.45 NOTE
r-devel-windows-x86_64 0.2.1 4.00 36.00 40.00 NOTE
r-devel-windows-x86_64-gcc10-UCRT 0.2.1 NOTE
r-patched-linux-x86_64 0.2.1 2.43 29.06 31.49 NOTE
r-patched-solaris-x86 0.2.1 55.80 NOTE
r-release-linux-x86_64 0.2.1 2.55 28.74 31.29 NOTE
r-release-macos-arm64 0.2.1 NOTE
r-release-macos-x86_64 0.2.1 NOTE
r-release-windows-ix86+x86_64 0.2.1 8.00 35.00 43.00 NOTE
r-oldrel-macos-x86_64 0.2.1 OK
r-oldrel-windows-ix86+x86_64 0.2.1 6.00 34.00 40.00 OK

Check Details

Version: 0.2.1
Check: LazyData
Result: NOTE
     'LazyData' is specified without a 'data' directory
Flavors: r-devel-linux-x86_64-debian-clang, r-devel-linux-x86_64-debian-gcc, r-devel-linux-x86_64-fedora-clang, r-devel-linux-x86_64-fedora-gcc, r-devel-windows-x86_64, r-devel-windows-x86_64-gcc10-UCRT, r-patched-linux-x86_64, r-patched-solaris-x86, r-release-linux-x86_64, r-release-macos-arm64, r-release-macos-x86_64, r-release-windows-ix86+x86_64