Last updated on 2024-04-23 08:58:14 CEST.
Flavor | Version | Tinstall | Tcheck | Ttotal | Status | Flags |
---|---|---|---|---|---|---|
r-devel-linux-x86_64-debian-clang | 0.3.8 | 3.49 | 79.40 | 82.89 | NOTE | |
r-devel-linux-x86_64-debian-gcc | 0.3.8 | 4.12 | 60.81 | 64.93 | NOTE | |
r-devel-linux-x86_64-fedora-clang | 0.3.8 | 103.80 | NOTE | |||
r-devel-linux-x86_64-fedora-gcc | 0.3.8 | 111.52 | NOTE | |||
r-prerel-macos-arm64 | 0.3.8 | 45.00 | NOTE | |||
r-prerel-windows-x86_64 | 0.3.8 | 10.00 | 80.00 | 90.00 | NOTE | |
r-patched-linux-x86_64 | 0.3.8 | 5.46 | 75.82 | 81.28 | NOTE | |
r-release-linux-x86_64 | 0.3.8 | 3.87 | 74.41 | 78.28 | OK | |
r-release-macos-arm64 | 0.3.8 | 47.00 | NOTE | |||
r-release-macos-x86_64 | 0.3.8 | 62.00 | NOTE | |||
r-release-windows-x86_64 | 0.3.8 | 11.00 | 92.00 | 103.00 | NOTE | |
r-oldrel-macos-arm64 | 0.3.8 | 36.00 | NOTE | |||
r-oldrel-windows-x86_64 | 0.3.8 | 11.00 | 95.00 | 106.00 | NOTE |
Version: 0.3.8
Check: Rd files
Result: NOTE
checkRd: (-1) rhandsontable-package.Rd:8: Lost braces
8 | R interface for creating tables using Handsontable, url{https://handsontable.com/}
| ^
Flavors: r-devel-linux-x86_64-debian-clang, r-devel-linux-x86_64-debian-gcc, r-devel-linux-x86_64-fedora-clang, r-devel-linux-x86_64-fedora-gcc, r-prerel-macos-arm64, r-prerel-windows-x86_64, r-patched-linux-x86_64
Version: 0.3.8
Check: installed package size
Result: NOTE
installed size is 11.7Mb
sub-directories of 1Mb or more:
doc 10.3Mb
htmlwidgets 1.3Mb
Flavors: r-devel-linux-x86_64-fedora-clang, r-prerel-macos-arm64, r-prerel-windows-x86_64, r-release-macos-arm64, r-release-macos-x86_64, r-release-windows-x86_64, r-oldrel-macos-arm64, r-oldrel-windows-x86_64