CRAN Package Check Results for Package riskRegression

Last updated on 2021-05-11 08:48:26 CEST.

Flavor Version Tinstall Tcheck Ttotal Status Flags
r-devel-linux-x86_64-debian-clang 2020.12.08 255.02 507.38 762.40 OK
r-devel-linux-x86_64-debian-gcc 2020.12.08 172.30 359.21 531.51 OK
r-devel-linux-x86_64-fedora-clang 2020.12.08 968.55 NOTE
r-devel-linux-x86_64-fedora-gcc 2020.12.08 710.40 OK
r-devel-windows-ix86+x86_64 2020.12.08 552.00 960.00 1512.00 OK
r-devel-windows-x86_64-gcc10-UCRT 2020.12.08 OK
r-patched-linux-x86_64 2020.12.08 201.21 465.15 666.36 OK
r-patched-solaris-x86 2020.12.08 1025.00 OK
r-release-linux-x86_64 2020.12.08 191.33 452.79 644.12 OK
r-release-macos-x86_64 2020.12.08 NOTE
r-release-windows-ix86+x86_64 2020.12.08 404.00 727.00 1131.00 OK
r-oldrel-macos-x86_64 2020.12.08 NOTE
r-oldrel-windows-ix86+x86_64 2020.12.08 471.00 905.00 1376.00 OK

Check Details

Version: 2020.12.08
Check: installed package size
Result: NOTE
     installed size is 9.4Mb
     sub-directories of 1Mb or more:
     libs 8.0Mb
Flavors: r-devel-linux-x86_64-fedora-clang, r-release-macos-x86_64, r-oldrel-macos-x86_64