Last updated on 2024-05-02 08:57:55 CEST.
Flavor | Version | Tinstall | Tcheck | Ttotal | Status | Flags |
---|---|---|---|---|---|---|
r-devel-linux-x86_64-debian-clang | 0.1 | 22.61 | 25.70 | 48.31 | NOTE | |
r-devel-linux-x86_64-debian-gcc | 0.1 | 16.45 | 20.45 | 36.90 | NOTE | |
r-devel-linux-x86_64-fedora-clang | 0.1 | 66.65 | NOTE | |||
r-devel-linux-x86_64-fedora-gcc | 0.1 | 63.16 | NOTE | |||
r-devel-windows-x86_64 | 0.1 | 18.00 | 64.00 | 82.00 | NOTE | |
r-patched-linux-x86_64 | 0.1 | 20.58 | 25.76 | 46.34 | NOTE | |
r-release-linux-x86_64 | 0.1 | 23.47 | 24.81 | 48.28 | NOTE | |
r-release-macos-arm64 | 0.1 | 20.00 | NOTE | |||
r-release-windows-x86_64 | 0.1 | 18.00 | 69.00 | 87.00 | NOTE | |
r-oldrel-macos-arm64 | 0.1 | 21.00 | NOTE | |||
r-oldrel-macos-x86_64 | 0.1 | 30.00 | NOTE | |||
r-oldrel-windows-x86_64 | 0.1 | 18.00 | 65.00 | 83.00 | NOTE |
Version: 0.1
Check: LazyData
Result: NOTE
'LazyData' is specified without a 'data' directory
Flavors: r-devel-linux-x86_64-debian-clang, r-devel-linux-x86_64-debian-gcc, r-devel-linux-x86_64-fedora-clang, r-devel-linux-x86_64-fedora-gcc, r-devel-windows-x86_64, r-patched-linux-x86_64, r-release-linux-x86_64, r-release-macos-arm64, r-release-windows-x86_64, r-oldrel-macos-arm64, r-oldrel-macos-x86_64, r-oldrel-windows-x86_64
Version: 0.1
Check: compiled code
Result: NOTE
File ‘rkvo/libs/rkvo.so’:
Found no calls to: ‘R_registerRoutines’, ‘R_useDynamicSymbols’
It is good practice to register native routines and to disable symbol
search.
See ‘Writing portable packages’ in the ‘Writing R Extensions’ manual.
Flavors: r-devel-linux-x86_64-fedora-clang, r-devel-linux-x86_64-fedora-gcc