Last updated on 2024-04-24 07:57:52 CEST.
Flavor | Version | Tinstall | Tcheck | Ttotal | Status | Flags |
---|---|---|---|---|---|---|
r-devel-linux-x86_64-debian-clang | 0.1.0 | 2.53 | 31.64 | 34.17 | NOTE | |
r-devel-linux-x86_64-debian-gcc | 0.1.0 | 1.75 | 23.92 | 25.67 | NOTE | |
r-devel-linux-x86_64-fedora-clang | 0.1.0 | 44.04 | NOTE | |||
r-devel-linux-x86_64-fedora-gcc | 0.1.0 | 40.98 | NOTE | |||
r-prerel-macos-arm64 | 0.1.0 | 18.00 | NOTE | |||
r-prerel-windows-x86_64 | 0.1.0 | 3.00 | 50.00 | 53.00 | NOTE | |
r-patched-linux-x86_64 | 0.1.0 | 3.09 | 30.42 | 33.51 | NOTE | |
r-release-linux-x86_64 | 0.1.0 | 2.55 | 30.06 | 32.61 | NOTE | |
r-release-macos-arm64 | 0.1.0 | 19.00 | NOTE | |||
r-release-macos-x86_64 | 0.1.0 | 26.00 | NOTE | |||
r-release-windows-x86_64 | 0.1.0 | 4.00 | 51.00 | 55.00 | NOTE | |
r-oldrel-macos-arm64 | 0.1.0 | 19.00 | NOTE | |||
r-oldrel-windows-x86_64 | 0.1.0 | 4.00 | 55.00 | 59.00 | NOTE |
Version: 0.1.0
Check: LazyData
Result: NOTE
'LazyData' is specified without a 'data' directory
Flavors: r-devel-linux-x86_64-debian-clang, r-devel-linux-x86_64-debian-gcc, r-devel-linux-x86_64-fedora-clang, r-devel-linux-x86_64-fedora-gcc, r-prerel-macos-arm64, r-prerel-windows-x86_64, r-patched-linux-x86_64, r-release-linux-x86_64, r-release-macos-arm64, r-release-macos-x86_64, r-release-windows-x86_64, r-oldrel-macos-arm64, r-oldrel-windows-x86_64