Last updated on 2023-02-08 07:54:41 CET.
Flavor | Version | Tinstall | Tcheck | Ttotal | Status | Flags |
---|---|---|---|---|---|---|
r-devel-linux-x86_64-debian-clang | 0.4.3 | 4.72 | 123.04 | 127.76 | OK | |
r-devel-linux-x86_64-debian-gcc | 0.4.3 | 4.33 | 90.89 | 95.22 | OK | |
r-devel-linux-x86_64-fedora-clang | 0.4.3 | 153.32 | NOTE | |||
r-devel-linux-x86_64-fedora-gcc | 0.4.3 | 163.64 | NOTE | |||
r-devel-windows-x86_64 | 0.4.3 | 36.00 | 151.00 | 187.00 | OK | |
r-patched-linux-x86_64 | 0.4.3 | 3.40 | 114.04 | 117.44 | OK | |
r-release-linux-x86_64 | 0.4.3 | 4.13 | 117.31 | 121.44 | OK | |
r-release-macos-arm64 | 0.4.3 | 36.00 | NOTE | |||
r-release-macos-x86_64 | 0.4.3 | 75.00 | NOTE | |||
r-release-windows-x86_64 | 0.4.3 | 38.00 | 166.00 | 204.00 | OK | |
r-oldrel-macos-arm64 | 0.4.3 | 38.00 | NOTE | |||
r-oldrel-macos-x86_64 | 0.4.3 | 53.00 | NOTE | |||
r-oldrel-windows-ix86+x86_64 | 0.4.3 | 12.00 | 154.00 | 166.00 | OK |
Version: 0.4.3
Check: data for non-ASCII characters
Result: NOTE
Note: found 31 marked UTF-8 strings
Flavors: r-devel-linux-x86_64-fedora-clang, r-devel-linux-x86_64-fedora-gcc, r-release-macos-arm64, r-release-macos-x86_64, r-oldrel-macos-arm64, r-oldrel-macos-x86_64