CRAN Package Check Results for Package rmdfiltr

Last updated on 2025-01-25 07:50:40 CET.

Flavor Version Tinstall Tcheck Ttotal Status Flags
r-devel-linux-x86_64-debian-clang 0.1.5 1.75 28.88 30.63 NOTE
r-devel-linux-x86_64-debian-gcc 0.1.5 1.30 23.27 24.57 NOTE
r-devel-linux-x86_64-fedora-clang 0.1.5 50.83 OK
r-devel-linux-x86_64-fedora-gcc 0.1.5 66.44 NOTE
r-devel-windows-x86_64 0.1.5 4.00 52.00 56.00 OK
r-patched-linux-x86_64 0.1.5 1.73 27.79 29.52 OK
r-release-linux-x86_64 0.1.5 1.74 27.43 29.17 OK
r-release-macos-arm64 0.1.5 30.00 OK
r-release-macos-x86_64 0.1.5 44.00 OK
r-release-windows-x86_64 0.1.5 4.00 50.00 54.00 OK
r-oldrel-macos-arm64 0.1.5 33.00 OK
r-oldrel-macos-x86_64 0.1.5 44.00 OK
r-oldrel-windows-x86_64 0.1.5 4.00 52.00 56.00 OK

Check Details

Version: 0.1.5
Check: DESCRIPTION meta-information
Result: NOTE Missing dependency on R >= 4.1.0 because package code uses the pipe |> or function shorthand \(...) syntax added in R 4.1.0. File(s) using such syntax: ‘replace_doi.R’ Flavors: r-devel-linux-x86_64-debian-clang, r-devel-linux-x86_64-debian-gcc, r-devel-linux-x86_64-fedora-gcc