Last updated on 2024-03-12 07:50:05 CET.
Flavor | Version | Tinstall | Tcheck | Ttotal | Status | Flags |
---|---|---|---|---|---|---|
r-devel-linux-x86_64-debian-clang | 1.3-9 | 166.02 | 284.54 | 450.56 | NOTE | |
r-devel-linux-x86_64-debian-gcc | 1.3-9 | 119.67 | 210.73 | 330.40 | NOTE | |
r-devel-linux-x86_64-fedora-clang | 1.3-9 | 587.81 | NOTE | |||
r-devel-linux-x86_64-fedora-gcc | 1.3-9 | 586.30 | NOTE | |||
r-devel-windows-x86_64 | 1.3-9 | 118.00 | 235.00 | 353.00 | NOTE | |
r-patched-linux-x86_64 | 1.3-9 | 115.09 | 282.61 | 397.70 | NOTE | |
r-release-linux-x86_64 | 1.3-9 | 110.72 | 277.20 | 387.92 | NOTE | |
r-release-macos-arm64 | 1.3-9 | 139.00 | NOTE | |||
r-release-macos-x86_64 | 1.3-9 | 239.00 | NOTE | |||
r-release-windows-x86_64 | 1.3-9 | 160.00 | 290.00 | 450.00 | NOTE | |
r-oldrel-macos-arm64 | 1.3-9 | 123.00 | NOTE | |||
r-oldrel-windows-x86_64 | 1.3-9 | 156.00 | 286.00 | 442.00 | OK |
Version: 1.3-9
Check: Rd files
Result: NOTE
checkRd: (-1) cGARCHfilter-class.Rd:57: Escaped LaTeX specials: \&
checkRd: (-1) cGARCHfit-class.Rd:59: Escaped LaTeX specials: \&
checkRd: (-1) cGARCHsim-class.Rd:52: Escaped LaTeX specials: \&
checkRd: (-1) cGARCHspec-class.Rd:36: Escaped LaTeX specials: \&
checkRd: (-1) cgarchsim-methods.Rd:78: Escaped LaTeX specials: \&
checkRd: (-1) goGARCHfft-class.Rd:65: Lost braces
65 | code{dfft(object, index=0)} on an object created from a forecast with
| ^
checkRd: (-1) goGARCHfilter-class.Rd:155: Escaped LaTeX specials: \&
checkRd: (-1) goGARCHfit-class.Rd:166: Escaped LaTeX specials: \&
checkRd: (-1) rmgarch-package.Rd:73: Escaped LaTeX specials: \&
Flavors: r-devel-linux-x86_64-debian-clang, r-devel-linux-x86_64-debian-gcc, r-devel-linux-x86_64-fedora-clang, r-devel-linux-x86_64-fedora-gcc, r-devel-windows-x86_64
Version: 1.3-9
Check: Rd files
Result: NOTE
checkRd: (-1) cGARCHfilter-class.Rd:57: Escaped LaTeX specials: \&
checkRd: (-1) cGARCHfit-class.Rd:59: Escaped LaTeX specials: \&
checkRd: (-1) cGARCHsim-class.Rd:52: Escaped LaTeX specials: \&
checkRd: (-1) cGARCHspec-class.Rd:36: Escaped LaTeX specials: \&
checkRd: (-1) cgarchsim-methods.Rd:78: Escaped LaTeX specials: \&
checkRd: (-1) goGARCHfilter-class.Rd:155: Escaped LaTeX specials: \&
checkRd: (-1) goGARCHfit-class.Rd:166: Escaped LaTeX specials: \&
checkRd: (-1) rmgarch-package.Rd:73: Escaped LaTeX specials: \&
Flavors: r-patched-linux-x86_64, r-release-linux-x86_64, r-release-macos-arm64, r-release-macos-x86_64, r-release-windows-x86_64
Version: 1.3-9
Check: installed package size
Result: NOTE
installed size is 10.0Mb
sub-directories of 1Mb or more:
R 3.0Mb
libs 6.0Mb
Flavors: r-release-macos-arm64, r-release-macos-x86_64, r-oldrel-macos-arm64