CRAN Package Check Results for Package rnaturalearth

Last updated on 2021-04-17 08:47:44 CEST.

Flavor Version Tinstall Tcheck Ttotal Status Flags
r-devel-linux-x86_64-debian-clang 0.1.0 4.13 73.69 77.82 NOTE
r-devel-linux-x86_64-debian-gcc 0.1.0 4.19 55.17 59.36 NOTE
r-devel-linux-x86_64-fedora-clang 0.1.0 107.31 NOTE
r-devel-linux-x86_64-fedora-gcc 0.1.0 103.27 NOTE
r-devel-windows-ix86+x86_64 0.1.0 15.00 80.00 95.00 NOTE
r-devel-windows-x86_64-gcc10-UCRT 0.1.0 NOTE
r-patched-linux-x86_64 0.1.0 4.39 67.74 72.13 NOTE
r-patched-solaris-x86 0.1.0 151.40 NOTE
r-release-linux-x86_64 0.1.0 4.64 68.00 72.64 NOTE
r-release-macos-x86_64 0.1.0 NOTE
r-release-windows-ix86+x86_64 0.1.0 26.00 102.00 128.00 NOTE
r-oldrel-macos-x86_64 0.1.0 NOTE
r-oldrel-windows-ix86+x86_64 0.1.0 9.00 86.00 95.00 NOTE

Check Details

Version: 0.1.0
Check: package dependencies
Result: NOTE
    Package suggested but not available for checking: 'rnaturalearthhires'
Flavors: r-devel-linux-x86_64-debian-clang, r-devel-linux-x86_64-debian-gcc, r-devel-linux-x86_64-fedora-clang, r-devel-linux-x86_64-fedora-gcc, r-devel-windows-ix86+x86_64, r-devel-windows-x86_64-gcc10-UCRT, r-patched-linux-x86_64, r-patched-solaris-x86, r-release-linux-x86_64, r-release-macos-x86_64, r-release-windows-ix86+x86_64, r-oldrel-macos-x86_64, r-oldrel-windows-ix86+x86_64

Version: 0.1.0
Check: data for non-ASCII characters
Result: NOTE
     Note: found 7 marked Latin-1 strings
Flavors: r-devel-linux-x86_64-fedora-clang, r-devel-linux-x86_64-fedora-gcc, r-devel-windows-x86_64-gcc10-UCRT, r-patched-solaris-x86, r-release-macos-x86_64, r-oldrel-macos-x86_64