Last updated on 2024-03-12 07:50:05 CET.
Flavor | Version | Tinstall | Tcheck | Ttotal | Status | Flags |
---|---|---|---|---|---|---|
r-devel-linux-x86_64-debian-clang | 1.0.1 | 26.33 | 271.74 | 298.07 | NOTE | |
r-devel-linux-x86_64-debian-gcc | 1.0.1 | 21.85 | 205.15 | 227.00 | NOTE | |
r-devel-linux-x86_64-fedora-clang | 1.0.1 | 369.79 | NOTE | |||
r-devel-linux-x86_64-fedora-gcc | 1.0.1 | 368.87 | NOTE | |||
r-devel-windows-x86_64 | 1.0.1 | 23.00 | 178.00 | 201.00 | NOTE | |
r-patched-linux-x86_64 | 1.0.1 | 25.40 | 266.28 | 291.68 | NOTE | |
r-release-linux-x86_64 | 1.0.1 | 23.98 | 262.79 | 286.77 | NOTE | |
r-release-macos-arm64 | 1.0.1 | 96.00 | NOTE | |||
r-release-macos-x86_64 | 1.0.1 | 193.00 | NOTE | |||
r-release-windows-x86_64 | 1.0.1 | 29.00 | 227.00 | 256.00 | NOTE | |
r-oldrel-macos-arm64 | 1.0.1 | 93.00 | NOTE | |||
r-oldrel-windows-x86_64 | 1.0.1 | 31.00 | 226.00 | 257.00 | NOTE |
Version: 1.0.1
Check: package dependencies
Result: NOTE
Package suggested but not available for checking: ‘rnaturalearthhires’
Flavors: r-devel-linux-x86_64-debian-clang, r-devel-linux-x86_64-debian-gcc, r-devel-linux-x86_64-fedora-clang, r-devel-linux-x86_64-fedora-gcc, r-devel-windows-x86_64, r-patched-linux-x86_64, r-release-linux-x86_64, r-release-macos-arm64, r-release-macos-x86_64, r-release-windows-x86_64, r-oldrel-macos-arm64, r-oldrel-windows-x86_64
Version: 1.0.1
Check: Rd cross-references
Result: NOTE
Undeclared package ‘raster’ in Rd xrefs
Flavor: r-devel-linux-x86_64-fedora-clang
Version: 1.0.1
Check: data for non-ASCII characters
Result: NOTE
Note: found 2800 marked UTF-8 strings
Flavors: r-devel-linux-x86_64-fedora-clang, r-devel-linux-x86_64-fedora-gcc