Last updated on 2024-04-26 08:55:12 CEST.
Flavor | Version | Tinstall | Tcheck | Ttotal | Status | Flags |
---|---|---|---|---|---|---|
r-devel-linux-x86_64-debian-clang | 1.1 | 50.53 | 41.44 | 91.97 | OK | |
r-devel-linux-x86_64-debian-gcc | 1.1 | 39.88 | 32.02 | 71.90 | OK | |
r-devel-linux-x86_64-fedora-clang | 1.1 | 120.14 | OK | |||
r-devel-linux-x86_64-fedora-gcc | 1.1 | 126.85 | OK | |||
r-devel-windows-x86_64 | 1.1 | 38.00 | 75.00 | 113.00 | NOTE | |
r-patched-linux-x86_64 | 1.1 | 42.24 | 39.61 | 81.85 | OK | |
r-release-linux-x86_64 | 1.1 | 49.32 | 41.37 | 90.69 | OK | |
r-release-macos-arm64 | 1.1 | 33.00 | OK | |||
r-release-windows-x86_64 | 1.1 | 37.00 | 76.00 | 113.00 | NOTE | |
r-oldrel-macos-arm64 | 1.1 | 38.00 | NOTE | |||
r-oldrel-macos-x86_64 | 1.1 | 54.00 | OK | |||
r-oldrel-windows-x86_64 | 1.1 | 45.00 | 83.00 | 128.00 | NOTE |
Version: 1.1
Check: C++ specification
Result: NOTE
Specified C++11: please drop specification unless essential
Flavors: r-devel-windows-x86_64, r-release-windows-x86_64, r-oldrel-windows-x86_64
Version: 1.1
Check: installed package size
Result: NOTE
installed size is 5.1Mb
sub-directories of 1Mb or more:
libs 4.7Mb
Flavor: r-oldrel-macos-arm64